NOAA-Style Climate Reports


Report for 2015
                   Annual Climatological Summary for 2015

Name: Old Pump Road Wx   City: Jericho   State: Vermont
Elevation: 646 ft  Lat: N 44° 30' 34"   Lon: W 072° 59' 42"

                  Temperature (°F), Heat Base: 65.0  Cool Base: 65.0
                          Dep.  Heat  Cool                       Max  Max  Min  Min
        Mean  Mean        From  Deg   Deg                        >=   <=   <=   <=
 YR MO  Max   Min   Mean  Norm  Days  Days  Hi  Date  Low  Date 80.0 32.0 32.0   0.0
------------------------------------------------------------------------------------
 15  1  24.4   2.0  13.7  -5.3  1590     0  45.6   4 -17.3    8    0   26   31   14
 15  2  17.7  -7.7   6.2 -15.8  1644     0  31.4  22 -23.7   24    0   28   28   21
 15  3  35.1  12.4  24.8  -5.2  1245     0  51.2  25 -14.7    6    0   12   28    5
 15  4  52.2  30.4  41.5  -5.5   705     2  73.5  13  12.5    1    0    0   17    0
 15  5  74.0  45.7  60.2   4.2   244    95  87.8   8  26.9   23    9    0    2    0
 15  6  72.3  50.6  61.5  -5.5   167    63  83.8  23  35.2    7    1    0    0    0
 15  7  79.7  55.9  67.5  -3.5    83   160  91.5  29  43.0   16   17    0    0    0
 15  8  78.4  56.9  67.2  -1.8    82   154  90.0  18  46.1    8   12    0    0    0
 15  9  76.0  50.2  62.2   0.2   197   107  89.6   7  31.5   26   13    0    1    0
 15 10  54.6  33.8  44.2  -4.8   645     1  73.6  12  17.2   19    0    0   13    0
 15 11  49.0  30.9  40.7   0.7   752     0  69.8   5  12.5   30    0    4   17    0
 15 12  43.6  29.5  36.8   9.8   899     0  65.5  24  13.3   28    0    2   19    0
------------------------------------------------------------------------------------
        54.8  32.5  43.9  -2.7  8258   585  91.5 Jul -23.7  Feb   52   72  156   40

                                Precipitation (in)

              Dep.   Max        Days of Rain
              From   Obs.           >=
 YR MO Total  Norm   Day Date 0.01 0.10 1.00
---------------------------------------------
 15  1  0.56 -2.14  0.29  18     6    2    0
 15  2  0.03 -1.97  0.03  22     1    0    0
 15  3  1.04 -1.84  0.40  26    11    3    0
 15  4  2.80 -0.27  0.61  21    16    9    0
 15  5  4.43  1.22  1.23  11    21   10    1
 15  6  6.51  2.75  1.96  21    21   13    1
 15  7  2.01 -1.92  0.99   1    19    3    0
 15  8  1.01 -3.68  0.77  21     7    2    0
 15  9578.72574.28174.18  22    21   13    8
 15 10410.81407.26124.22  31    15   12    8
 15 11227.44223.97131.24   2     3    3    3
 15 12  0.00 -2.47  0.00   0     0    0    0
---------------------------------------------
     1235.401195.20174.18  Sep  141   70   21

                                Wind Speed (mph)
                          Dom
 YR MO   Avg.  Hi   Date  Dir
------------------------------
 15  1   1.4  32.0    5   WNW
 15  2   0.9  22.0   23   WNW
 15  3   1.9  29.0   17   WNW
 15  4   1.8  30.0   20   WNW
 15  5   1.4  25.0   12     W
 15  6   1.1  27.0    8     W
 15  7   0.8  24.0   21     W
 15  8   0.9  25.0    1     W
 15  9   1.1  24.0   20     W
 15 10   1.2  29.0   28   WNW
 15 11   1.5  24.0    6     W
 15 12   0.9  23.0   24   WSW
------------------------------
         1.2  32.0  Jan     W