NOAA-Style Climate Reports


Report for 2014 December
                   Monthly Climatological Summary for Dec 2014

Name: Old Pump Road Wx   City: Jericho   State: Vermont
Elevation: 646 ft  Lat: N 44° 30' 34"   Lon: W 072° 59' 42"

                  Temperature (°F), Rain (in), Wind Speed (mph)

                                      Heat  Cool        Avg
    Mean                              Deg   Deg         Wind                 Dom
Day Temp  High   Time   Low    Time   Days  Days  Rain  Speed High   Time    Dir
----------------------------------------------------------------------------------
 1  36.9  50.0   5:30a  25.5   9:00p  28.1   0.0  0.00   5.2  19.0   8:40a    NW
 2  19.7  30.6  11:59p  10.4   7:30a  44.3   0.0  0.00   3.3  20.0   8:58p    NW
 3  35.1  40.8   2:07p  30.5  12:00a  29.9   0.0  0.13   1.8  18.0  10:56p   WSW
 4  24.6  34.0  12:25a  10.1  11:39p  40.3   0.0  0.00   3.0  21.0   6:37a   WNW
 5  21.4  32.5  11:20p   7.5   3:50a  42.6   0.0  0.00   0.9  11.0   2:48p   SSE
 6  31.9  33.8   3:13a  29.2   8:09p  32.9   0.0  0.01   0.6  13.0   7:41p   NNW
 7  14.5  29.4  12:00a   2.4  11:37p  44.8   0.0  0.00   1.6  13.0   1:30a   NNW
 8  14.5  27.2  11:58p   1.4   1:30a  50.5   0.0  0.00   0.4  11.0   2:24p   SSE
 9  31.6  35.5  11:45a  27.1  12:00a  33.4   0.0  0.02   0.6  13.0   1:52a   WSW
10  30.7  33.1  12:42a  28.5   9:44p  34.3   0.0  0.10   1.9  13.0   1:16a    NW
11  29.3  31.9  12:24p  27.3  11:57p  35.3   0.0  0.01   0.0   0.0  12:00a    NW
12  27.2  30.9  11:50a  25.1  11:52p  37.7   0.0  0.00   0.0   0.0  12:00a   ---
13  26.2  31.2  12:53p  22.7   9:59p  38.4   0.0  0.00   0.0   0.0  12:00a   ---
14  29.1  34.7   1:39p  24.1  12:00a  35.9   0.0  0.00   0.0   0.0  12:00a   ---
15  28.2  30.4  10:53a  26.8   5:34a  36.8   0.0  0.00   0.0   0.0  12:00a   ---
16  30.0  35.1  12:12p  19.8   7:14a  35.0   0.0  0.00   0.0   0.0  12:00a   ---
17  33.8  38.7  11:21a  32.2   1:47a  31.2   0.0  0.18   0.0   2.0   4:18p   NNW
18  30.3  32.5  12:00a  25.6  11:48p  34.6   0.0  0.05   0.8  10.0   5:01p   WNW
19  21.7  25.6  12:00a  13.4  11:57p  42.9   0.0  0.00   0.7   8.0   4:03a    NW
20  13.8  25.5   1:02p   4.8   7:57a  51.1   0.0  0.00   0.0   3.0  12:25p    SW
21  18.8  25.9   1:50p   6.5   1:34a  46.2   0.0  0.00   0.0   3.0  11:09a     S
22  25.3  30.5  12:17p  22.4   7:37a  39.7   0.0  0.00   0.1   4.0  12:04p   WSW
23  36.0  40.5   7:39p  25.5  12:18a  29.0   0.0  1.42   0.6  12.0   7:57a   SSE
24  41.8  46.5   9:27p  38.5  12:16a  23.2   0.0  0.42   1.0  15.0  12:42p   SSE
25  43.4  55.2   4:45a  38.4  10:27p  21.6   0.0  0.09   2.6  22.0   8:17p     W
26  37.2  41.5   2:02p  29.0   6:16p  27.6   0.0  0.00   1.1  15.0   5:21a     W
27  38.9  46.5  11:14p  33.3   6:25a  26.1   0.0  0.00   0.5  14.0  10:50p   SSE
28  39.6  46.8   2:59a  28.3  11:59p  25.4   0.0  0.04   2.2  17.0   1:08a   WSW
29  22.9  32.1   2:45a  13.3  10:07p  42.1   0.0  0.00   1.6  16.0   5:29a    NW
30  10.1  17.0  12:00a   3.1  10:09p  54.9   0.0  0.00   0.9  11.0  12:53a    NW
31  14.4  19.5   1:53p   6.0  12:06a  50.6   0.0  0.00   0.9  15.0   7:25p   WSW
----------------------------------------------------------------------------------
    27.7  55.2    25     1.4     8  1146.4   0.0  2.47   1.2  22.0    25     WNW

Max >=  80.0:  0
Max <=  32.0: 13
Min <=  32.0: 27
Min <=   0.0:  0
Max Rain: 1.42 on day 23
Days of Rain: 11 (>= 0.01 in)  5 (>= 0.10 in)  1 (>= 1.00 in)
Heat Base: 65.0  Cool Base: 65.0  Method: Integration