NOAA-Style Climate Reports


Report for 2014 November
                   Monthly Climatological Summary for Nov 2014

Name: Old Pump Road Wx   City: Jericho   State: Vermont
Elevation: 646 ft  Lat: N 44° 30' 34"   Lon: W 072° 59' 42"

                  Temperature (°F), Rain (in), Wind Speed (mph)

                                      Heat  Cool        Avg
    Mean                              Deg   Deg         Wind                 Dom
Day Temp  High   Time   Low    Time   Days  Days  Rain  Speed High   Time    Dir
----------------------------------------------------------------------------------
 1  33.8  38.9  12:54p  27.5   4:38a  31.2   0.0  0.03   0.7   9.0  11:03p    NW
 2  34.5  39.7   3:11p  30.0   7:03a  31.8   0.0  0.00   4.4  26.0   2:19p    NW
 3  36.0  45.8   1:12p  28.3   7:40a  29.0   0.0  0.00   1.9  15.0  10:01a    NW
 4  47.0  60.5   9:49p  28.8   3:31a  18.0   0.0  0.00   0.9  13.0  10:17p   SSE
 5  51.5  59.3  12:00a  46.3   4:52a  13.5   0.0  0.08   2.1  18.0   6:26p     W
 6  43.3  48.3   1:52p  38.3  11:52p  21.8   0.0  0.22   0.2   8.0   2:25a    NW
 7  33.7  38.3  12:00a  31.3  11:54p  31.3   0.0  0.18   2.8  20.0   1:27p    NW
 8  34.8  40.8  11:17p  29.5   6:36a  30.2   0.0  0.00   1.5  16.0   2:18a     W
 9  38.6  43.0   2:15p  27.3  10:01p  26.4   0.0  0.00   1.0  13.0   4:20a   WSW
10  42.1  48.9   2:21p  34.3  12:00a  22.9   0.0  0.00   0.5   9.0   2:46a     S
11  52.6  60.6   1:49p  37.9  12:00a  12.4   0.0  0.00   1.8  21.0   8:52a   SSE
12  46.2  54.2  12:39a  36.8  11:52p  18.8   0.0  0.06   1.8  15.0  11:12a   WNW
13  34.4  38.1  12:30p  27.9   6:41a  30.6   0.0  0.00   0.4  12.0   1:44a   WNW
14  28.9  32.4  10:17a  25.2  11:58p  36.1   0.0  0.00   0.7  10.0   1:55p   WNW
15  27.2  33.8   2:04p  21.8  12:55a  37.8   0.0  0.00   1.3  16.0   8:59a   WNW
16  33.0  35.7   5:20p  26.3  12:00a  31.8   0.0  0.00   1.6  15.0  11:19a   SSE
17  34.1  37.3  10:25p  31.5   6:45a  30.9   0.0  0.42   0.2   9.0  11:50p     S
18  27.5  36.8  12:00a  22.2   8:07p  37.5   0.0  0.01   3.5  23.0   8:18a     W
19  24.9  29.8   1:16p  22.1   3:28a  40.2   0.0  0.00   3.5  22.0  10:30p     S
20  27.1  34.6  12:20p  22.5  11:30p  37.9   0.0  0.00   6.5  18.0  12:20a   WNW
21  22.1  24.4   3:10p  19.0   6:50p  42.6   0.0  0.00   5.5  16.0  10:10a   NNW
22  29.1  39.2  11:40p  14.9   1:50a  35.7   0.0  0.00   4.8  18.0   7:00p   SSE
23  41.8  48.4   3:00p  37.3   2:50a  23.2   0.0  0.06   1.3  11.0   1:50a   WSW
24  55.6  65.8   2:00p  43.9  12:20a   9.4   0.0  0.59   7.1  28.0   7:50a   SSE
25  45.2  54.3   1:10a  38.8  11:50p  19.8   0.0  0.00   4.7  18.0  10:50p     W
26  31.4  38.8  12:10a  27.1  11:40p  33.4   0.0  0.00   2.1  18.0   1:30a   NNW
27  25.6  28.2   1:30p  22.8  11:10p  39.4   0.0  0.00   0.0   0.0  12:10a   NNW
28  22.6  28.1  12:30p  16.0  11:59p  42.4   0.0  0.00   0.0   0.0  12:10a   NNW
29  21.0  29.3   1:20p   7.7   7:20a  44.0   0.0  0.00   1.5  14.0  11:59p    SE
30  40.9  46.7   3:30p  29.3  12:10a  23.9   0.0  0.16   7.6  28.0   3:10a   SSE
----------------------------------------------------------------------------------
    35.6  65.8    24     7.7    29   883.9   0.0  1.81   2.7  28.0    24     WSW

Max >=  80.0:  0
Max <=  32.0:  5
Min <=  32.0: 22
Min <=   0.0:  0
Max Rain: 0.59 on day 24
Days of Rain: 10 (>= 0.01 in)  5 (>= 0.10 in)  0 (>= 1.00 in)
Heat Base: 65.0  Cool Base: 65.0  Method: Integration