NOAA-Style Climate Reports


Report for 2014 October
                   Monthly Climatological Summary for Oct 2014

Name: Old Pump Road Wx   City: Jericho   State: Vermont
Elevation: 646 ft  Lat: N 44° 30' 34"   Lon: W 072° 59' 42"

                  Temperature (°F), Rain (in), Wind Speed (mph)

                                      Heat  Cool        Avg
    Mean                              Deg   Deg         Wind                 Dom
Day Temp  High   Time   Low    Time   Days  Days  Rain  Speed High   Time    Dir
----------------------------------------------------------------------------------
 1  54.2  60.7   3:51p  49.5  12:49a  10.8   0.0  0.01   0.4   6.0   3:50p   WNW
 2  57.9  70.4   2:08p  51.6  11:59p   7.8   0.7  0.01   0.4   7.0   2:27p   WNW
 3  59.2  72.4   3:54p  46.7   6:49a   7.3   1.5  0.00   1.2  14.0   6:52p   SSE
 4  55.0  58.0  12:00a  47.5  11:54p  10.0   0.0  0.84   1.4  14.0   8:57a   SSE
 5  48.0  56.6   2:58p  38.1  11:58p  17.0   0.0  0.01   0.3   8.0  11:10a    SW
 6  49.2  63.0   4:36p  33.6   6:19a  15.8   0.0  0.00   1.1  16.0  12:33p   SSE
 7  58.8  67.7   3:57p  51.7   9:36p   6.4   0.2  0.12   1.4  20.0  12:38p   SSE
 8  56.5  63.4   3:10p  50.0  11:54p   8.4   0.0  0.21   3.1  24.0   7:21p   WSW
 9  46.9  53.5  11:29a  39.5   7:07a  18.1   0.0  0.04   1.2  19.0   5:59p     W
10  44.3  54.4   4:59p  32.1   7:34a  20.7   0.0  0.00   0.6  12.0   1:27p     W
11  42.7  53.4   2:13p  35.3   5:23a  22.3   0.0  0.00   0.3   7.0   1:45p   WNW
12  42.1  55.3   4:11p  32.9  11:55p  22.9   0.0  0.00   0.5  11.0  12:43p    NW
13  47.2  60.5   1:21p  29.4   5:33a  17.8   0.0  0.00   0.9  16.0   2:50p   SSE
14  67.5  76.7   4:30p  58.8  12:00a   1.6   4.1  0.00   2.2  24.0   3:10p   SSE
15  71.8  79.1   1:41p  67.0   2:58a   0.0   5.9  0.01   1.8  19.0  11:48a   SSE
16  67.9  73.7   2:15p  59.5  11:58p   0.4   3.3  0.66   0.9  17.0   4:39p    SE
17  60.3  65.5   3:58p  56.9   7:31a   4.7   0.0  0.00   0.9  16.0   2:30p   SSW
18  55.3  61.0   2:12a  42.4  11:55p   9.6   0.0  0.46   1.3  14.0   7:28p     W
19  39.5  42.4  12:00a  37.5  11:57p  25.5   0.0  0.07   2.8  15.0   9:01a   WNW
20  39.4  46.6   1:33p  30.0   7:52a  25.3   0.0  0.00   0.4   9.0  12:40p   SSW
21  44.8  48.7  10:50a  39.1  12:00a  20.2   0.0  0.35   0.0   5.0  11:26a    NW
22  47.9  52.9   2:19p  43.9   6:06a  17.1   0.0  0.00   1.5  13.0   2:08p   NNW
23  43.6  48.4  12:00a  41.4  11:51p  21.4   0.0  0.42   3.1  14.0   8:38a    NW
24  41.1  44.0   5:50p  38.2  11:48p  23.9   0.0  0.14   1.1  11.0   3:58a    NW
25  44.4  56.9   2:50p  32.8   5:11a  20.6   0.0  0.34   0.3   8.0   9:16p   SSW
26  44.5  47.3   1:53a  43.0   5:44a  20.5   0.0  0.20   0.8  12.0   4:18p   WNW
27  43.3  50.4   2:49p  37.4   9:35p  21.7   0.0  0.03   1.2  11.0   6:20a    NW
28  47.2  57.4   2:55p  38.1  12:00a  17.7   0.0  0.10   0.1   4.0   5:27p     W
29  51.0  56.8  11:32a  39.3   9:53p  14.0   0.0  0.13   0.5  13.0   3:50p   WNW
30  43.2  47.0   3:25p  40.0  11:47p  21.8   0.0  0.00   1.0  10.0   8:34a    NW
31  40.0  48.4   2:58p  31.6   7:25a  24.9   0.0  0.00   0.5  10.0   4:27p    NW
----------------------------------------------------------------------------------
    50.2  79.1    15    29.4    13   476.2  15.7  4.15   1.1  24.0     8     WSW

Max >=  80.0:  0
Max <=  32.0:  0
Min <=  32.0:  3
Min <=   0.0:  0
Max Rain: 0.84 on day 4
Days of Rain: 19 (>= 0.01 in)  12 (>= 0.10 in)  0 (>= 1.00 in)
Heat Base: 65.0  Cool Base: 65.0  Method: Integration