NOAA-Style Climate Reports


Report for 2014 September
                   Monthly Climatological Summary for Sep 2014

Name: Old Pump Road Wx   City: Jericho   State: Vermont
Elevation: 646 ft  Lat: N 44° 30' 34"   Lon: W 072° 59' 42"

                  Temperature (°F), Rain (in), Wind Speed (mph)

                                      Heat  Cool        Avg
    Mean                              Deg   Deg         Wind                 Dom
Day Temp  High   Time   Low    Time   Days  Days  Rain  Speed High   Time    Dir
----------------------------------------------------------------------------------
 1  71.6  84.3   5:03p  63.1   5:46a   0.2   6.9  0.00   0.5   9.0  11:07a     W
 2  72.3  86.1   3:12p  62.5   5:29a   0.6   7.9  0.95   0.8  19.0   8:00p   SSW
 3  65.4  77.6   2:56p  53.8  11:58p   2.9   3.3  0.00   1.1  13.0   2:22p   WNW
 4  65.6  81.8   5:01p  50.8   6:23a   4.7   5.4  0.00   0.5   9.0  12:51p   SSW
 5  73.1  84.6   2:54p  59.8   6:28a   1.3   9.4  0.00   1.0  13.0   3:11p     S
 6  68.0  77.3  12:00a  59.2   9:11p   1.8   4.7  0.56   0.9  19.0  12:51p     W
 7  58.1  70.5   4:30p  46.4   7:00a   7.8   0.9  0.01   0.6  10.0   2:20p   WNW
 8  59.1  76.4   4:43p  44.0   6:13a   8.7   2.8  0.00   0.3   9.0   3:06p     S
 9  59.7  72.6   3:33p  47.3   6:53a   6.9   1.7  0.00   0.8  13.0   3:09p   SSE
10  61.8  76.0   2:59p  48.6   3:17a   5.6   2.4  0.00   0.3   7.0   1:06p   SSW
11  64.3  71.6   4:32p  54.0  11:57p   1.7   1.0  0.20   3.0  21.0   4:46a    SW
12  47.8  54.0  12:00a  38.1  11:59p  17.2   0.0  0.00   1.3  15.0   1:18a    NW
13  45.5  53.2   9:10p  34.6   5:42a  19.5   0.0  0.12   0.7  14.0   9:43p     S
14  45.3  53.7   5:17p  37.0  11:03p  19.7   0.0  0.00   1.3  13.0  12:50a    NW
15  47.2  63.7   4:07p  29.9   6:34a  17.8   0.0  0.01   0.4  10.0   2:59p   WSW
16  52.8  64.1   4:50p  47.2  11:56p  12.2   0.0  0.13   0.2   6.0   2:41p   WSW
17  51.6  65.8   4:27p  38.9   6:36a  13.4   0.0  0.01   0.4   8.0  11:56a   WSW
18  48.0  52.5   5:31p  36.9  11:59p  17.0   0.0  0.01   1.0  11.0   9:37a    NW
19  40.7  56.3   3:40p  27.3   6:55a  24.3   0.0  0.00   0.4   7.0  12:12p     W
20  57.8  67.2   4:32p  35.6  12:00a   7.5   0.3  0.00   2.7  24.0   9:57a   SSE
21  68.4  77.8   2:02p  61.3  11:59p   0.6   4.0  0.63   2.2  25.0  12:35a   SSE
22  52.1  61.4  12:00a  46.5  11:02p  12.9   0.0  0.02   2.9  23.0   1:14p   WNW
23  51.0  59.5   2:19p  43.3  12:51a  14.0   0.0  0.00   0.3   8.0  12:05p     W
24  55.2  71.6   3:25p  41.8   7:08a  11.0   1.2  0.00   0.3   7.0   3:12p   SSW
25  54.6  70.9   4:47p  42.5   6:53a  11.3   0.9  0.00   0.2   6.0   1:27p   WSW
26  57.9  74.7   4:22p  44.9   7:11a   9.3   2.1  0.01   0.6  12.0   2:07p    NW
27  60.8  77.6   4:26p  48.3   5:40a   7.1   2.9  0.00   0.5   8.0   3:00p    NW
28  62.5  80.6   4:25p  49.1   7:19a   6.1   3.6  0.01   0.3   6.0  10:53a     W
29  61.6  76.2   5:13p  51.7   6:58a   5.8   2.4  0.00   0.2   5.0  12:01p   WSW
30  56.5  70.7   3:35p  44.1   6:47a   9.6   1.1  0.00   0.2   6.0  10:14a   WNW
----------------------------------------------------------------------------------
    57.9  86.1     2    27.3    19   278.5  64.9  2.67   0.9  25.0    21     WSW

Max >=  80.0:  5
Max <=  32.0:  0
Min <=  32.0:  2
Min <=   0.0:  0
Max Rain: 0.95 on day 2
Days of Rain: 13 (>= 0.01 in)  6 (>= 0.10 in)  0 (>= 1.00 in)
Heat Base: 65.0  Cool Base: 65.0  Method: Integration