NOAA-Style Climate Reports


Report for 2014 August
                   Monthly Climatological Summary for Aug 2014

Name: Old Pump Road Wx   City: Jericho   State: Vermont
Elevation: 646 ft  Lat: N 44° 30' 34"   Lon: W 072° 59' 42"

                  Temperature (°F), Rain (in), Wind Speed (mph)

                                      Heat  Cool        Avg
    Mean                              Deg   Deg         Wind                 Dom
Day Temp  High   Time   Low    Time   Days  Days  Rain  Speed High   Time    Dir
----------------------------------------------------------------------------------
 1  66.7  81.2   4:33p  52.2   4:47a   3.9   5.6  0.01   0.5   9.0   9:50a     S
 2  68.3  82.9   2:32p  58.4   5:30a   1.9   5.1  0.01   0.4   8.0  11:15a    SW
 3  68.7  81.5   4:29p  56.9   5:57a   1.9   5.6  0.01   0.3   6.0   3:15p   WNW
 4  69.8  81.1   5:42p  62.7  11:55p   0.2   5.1  0.25   0.4   9.0   3:28p    NW
 5  68.0  81.3   1:34p  60.0   5:58a   1.3   4.3  0.31   0.8  21.0   3:00p   WNW
 6  64.8  72.8   4:25p  56.2   9:34p   2.3   2.1  0.10   1.3  16.0   2:43p    NW
 7  61.3  71.7   3:39p  56.7   1:09a   4.4   0.7  0.05   1.0  15.0   3:51p    NW
 8  63.0  76.1   4:50p  49.8   6:13a   5.2   3.2  0.00   1.1  12.0   3:28p    NW
 9  65.4  80.1   4:01p  52.1   5:46a   4.6   5.0  0.00   0.9  11.0   2:03p    NW
10  66.2  81.2   4:42p  52.1   5:02a   4.3   5.5  0.00   0.6   8.0   1:54p    NW
11  68.7  85.2   5:15p  52.6   5:49a   3.7   7.4  0.00   0.3   8.0   1:53p   WSW
12  69.1  80.1   2:03p  55.9   6:03a   2.2   6.3  0.00   1.4  20.0   3:13p   SSE
13  65.4  70.5  12:00a  59.9  10:51p   1.4   1.8  0.96   1.6  19.0   7:23a   SSE
14  58.2  64.1   2:54p  51.4  10:20p   6.8   0.0  0.05   1.0  13.0  10:12a   WNW
15  56.7  65.2   2:01p  51.0   2:43a   8.3   0.0  0.02   0.4   9.0   9:52a     S
16  59.0  64.5  11:33a  54.1   5:15a   6.0   0.0  0.28   0.4   9.0  10:06a     S
17  61.1  69.2   5:09p  57.1  12:28a   4.2   0.4  0.02   1.3  13.0   5:18p   WNW
18  58.5  67.7   5:13p  48.4  11:44p   6.7   0.2  0.00   1.7  12.0   1:36a    NW
19  58.6  75.5   5:23p  43.8   6:04a   8.6   2.1  0.00   0.4   8.0  12:34p   WNW
20  65.1  83.5   6:00p  46.5   6:05a   5.6   5.7  0.00   0.3   9.0   3:19p   SSW
21  65.5  70.2   3:00p  61.7   6:05a   0.7   1.1  0.17   0.5  12.0  11:24p    SE
22  63.0  65.9  10:58a  59.1   6:38a   2.0   0.0  0.10   0.5  10.0   9:40a   SSE
23  64.9  76.9   2:50p  56.2  11:55p   3.3   3.3  0.01   0.4   7.0  12:51p   WNW
24  66.0  80.2   5:41p  53.6   3:28a   3.9   4.9  0.00   0.9  12.0  12:57p    NW
25  67.3  83.7   5:11p  52.9   5:56a   3.6   5.9  0.00   0.3   7.0   1:12p     W
26  69.4  83.2   3:59p  55.4   6:21a   2.6   7.0  0.00   0.6  11.0   3:59p   SSW
27  70.6  79.3   2:33p  60.4  11:58p   0.4   6.0  0.00   1.2  13.0   4:54p    NW
28  60.8  68.2   3:04p  53.6  11:55p   4.4   0.2  0.00   1.9  17.0   4:25p    NW
29  59.7  73.1   4:17p  49.7   3:28a   6.6   1.4  0.00   0.5   8.0   1:46p   WNW
30  66.5  77.7   4:17p  51.3   1:41a   3.1   4.6  0.00   1.5  17.0   8:16a   SSE
31  70.6  76.5  12:39p  66.4   6:45a   0.0   5.5  0.16   1.0  14.0   3:11a   SSE
----------------------------------------------------------------------------------
    64.7  85.2    11    43.8    19   114.1 106.0  2.51   0.8  21.0     5       W

Max >=  80.0: 13
Max <=  32.0:  0
Min <=  32.0:  0
Min <=   0.0:  0
Max Rain: 0.96 on day 13
Days of Rain: 16 (>= 0.01 in)  8 (>= 0.10 in)  0 (>= 1.00 in)
Heat Base: 65.0  Cool Base: 65.0  Method: Integration