NOAA-Style Climate Reports


Report for 2014 July
                   Monthly Climatological Summary for Jul 2014

Name: Old Pump Road Wx   City: Jericho   State: Vermont
Elevation: 646 ft  Lat: N 44° 30' 34"   Lon: W 072° 59' 42"

                  Temperature (°F), Rain (in), Wind Speed (mph)

                                      Heat  Cool        Avg
    Mean                              Deg   Deg         Wind                 Dom
Day Temp  High   Time   Low    Time   Days  Days  Rain  Speed High   Time    Dir
----------------------------------------------------------------------------------
 1  79.0  89.6   4:56p  66.2   5:23a   0.0  12.7  0.00   1.5  17.0   3:04p   SSE
 2  77.3  86.2   3:18p  68.5   6:17a   0.0  11.9  0.10   0.8  11.0  11:04a    SW
 3  71.8  84.2   4:17p  64.2   5:31a   0.0   6.6  0.89   0.7  13.0   7:11p    NW
 4  62.9  65.2   3:33p  55.7  11:57p   2.0   0.0  0.15   0.7  13.0   7:11p   NNW
 5  65.9  78.9   4:37p  55.1  12:23a   3.2   4.1  0.00   2.7  20.0   5:48p   WNW
 6  68.6  82.1   4:02p  57.7  11:54p   1.7   4.9  0.00   1.2  16.0   6:26p     W
 7  65.8  72.4  10:23a  55.5   1:25a   2.3   3.1  0.14   0.3  11.0  11:47a   SSE
 8  74.6  85.6   2:59p  64.5   5:47a   0.0   8.4  1.00   1.3  20.0   9:44p     S
 9  70.1  78.1   3:36p  64.0  11:52p   0.0   4.5  0.01   1.0  15.0  12:04p   SSW
10  62.0  73.3   5:34p  51.6  12:00a   4.3   1.6  0.00   1.4  15.0  12:04p   WNW
11  62.8  79.2   6:04p  46.3   5:30a   6.3   4.1  0.00   0.8   9.0   3:18p   WNW
12  68.8  85.2   5:08p  48.0   5:34a   4.5   8.2  0.00   0.8   8.0   2:00p   SSW
13  72.6  76.6  10:57a  66.2   1:48a   0.0   7.2  0.04   1.5  18.0   5:25p   SSE
14  70.0  83.7   2:59p  61.3   6:00a   0.6   5.6  0.52   0.5   8.0  11:16a   WSW
15  70.6  79.7  10:55a  59.2   5:44a   1.3   6.9  0.03   0.5  11.0   1:35p     S
16  68.8  77.6   4:45p  56.8  11:56p   0.8   4.5  0.02   0.6  12.0   6:26p   WNW
17  61.7  73.1   2:48p  50.7   5:27a   5.2   1.9  0.00   0.6  10.0   4:50p   WNW
18  63.6  77.6   5:06p  49.1   5:50a   5.4   4.1  0.00   0.8  10.0   2:55p   WNW
19  65.4  80.2   3:30p  50.4   5:36a   4.3   4.8  0.00   0.3   7.0  12:53p    SW
20  69.0  81.6   3:17p  55.3   6:04a   2.3   6.2  0.00   0.5   9.0  10:26a   SSE
21  69.7  84.7   4:29p  53.6   5:14a   2.9   7.6  0.00   0.4   8.0  10:55a    SW
22  73.6  86.9   5:40p  60.4   5:30a   0.9   9.5  0.00   0.4   7.0  11:09a    SW
23  71.7  82.7   1:48p  64.2  11:59p   0.0   6.7  0.39   1.0  19.0   2:17p    SW
24  61.9  69.9   4:11p  50.9  11:58p   4.1   1.0  0.00   1.4  13.0   1:39p    NW
25  63.2  78.3   4:47p  48.3   5:27a   5.9   4.2  0.00   0.6  11.0   2:05p     W
26  65.6  78.8   3:56p  52.0   5:51a   3.9   4.5  0.00   0.7  11.0  11:18a   WSW
27  65.5  79.5   5:24p  57.8   1:05a   2.0   2.5  0.95   0.6  19.0   6:01p   SSW
28  61.4  67.4  12:59p  56.7  11:50p   3.9   0.3  1.01   1.6  16.0   6:50p    NW
29  59.6  68.6   4:23p  49.6  11:58p   5.8   0.5  0.01   1.2  12.0   2:57p    NW
30  60.1  76.1   5:19p  45.3   5:24a   7.9   2.9  0.00   0.4   9.0   3:27p   SSW
31  62.2  73.5  12:23p  54.1   1:11a   4.4   1.6  0.19   0.5  19.0   1:06p     S
----------------------------------------------------------------------------------
    67.3  89.6     1    45.3    30    85.9 152.6  5.45   0.9  20.0     5     WSW

Max >=  80.0: 12
Max <=  32.0:  0
Min <=  32.0:  0
Min <=   0.0:  0
Max Rain: 1.01 on day 28
Days of Rain: 15 (>= 0.01 in)  10 (>= 0.10 in)  2 (>= 1.00 in)
Heat Base: 65.0  Cool Base: 65.0  Method: Integration