NOAA-Style Climate Reports


Report for 2014 June
                   Monthly Climatological Summary for Jun 2014

Name: Old Pump Road Wx   City: Jericho   State: Vermont
Elevation: 646 ft  Lat: N 44° 30' 34"   Lon: W 072° 59' 42"

                  Temperature (°F), Rain (in), Wind Speed (mph)

                                      Heat  Cool        Avg
    Mean                              Deg   Deg         Wind                 Dom
Day Temp  High   Time   Low    Time   Days  Days  Rain  Speed High   Time    Dir
----------------------------------------------------------------------------------
 1  60.2  77.9   5:27p  40.6   5:28a   8.4   3.7  0.00   0.6  10.0  12:57p   SSW
 2  67.4  85.4   4:27p  47.3   5:36a   5.0   7.3  0.00   0.9  12.0   3:59p   SSW
 3  70.2  88.3   3:37p  58.8   4:30a   1.6   6.6  0.73   1.4  23.0   5:23p   SSE
 4  65.2  75.7   2:22p  55.2  11:59p   2.3   2.4  0.02   0.9  17.0   3:36p     W
 5  59.4  71.8  12:50p  45.9   5:16a   6.8   1.2  0.00   1.8  15.0   5:55p    NW
 6  58.6  67.4   7:06p  52.4   4:45a   6.7   0.3  0.10   1.3  13.0   4:25p    NW
 7  64.6  78.5   5:32p  49.6   5:03a   4.8   4.4  0.00   1.3  13.0   1:22p    NW
 8  66.7  84.1   5:30p  49.1   5:38a   4.5   6.2  0.00   0.5  10.0   1:45p   WSW
 9  68.9  80.7   5:40p  58.6   5:15a   1.7   5.6  0.00   1.2  12.0   1:59p   WNW
10  65.4  74.6   5:54p  58.4  10:33p   1.6   2.1  0.02   0.9  11.0   2:17p   NNW
11  60.8  73.2  12:45p  50.5   5:24a   5.6   1.3  0.16   0.9  16.0   9:59a   SSE
12  57.8  61.0  11:41p  53.8  12:00a   7.2   0.0  0.95   0.7  13.0  12:33p   SSE
13  63.2  70.0   4:45p  60.1  11:56p   2.2   0.4  0.40   1.2  15.0  11:23a   SSE
14  60.5  67.8   1:58p  55.5  10:56p   4.7   0.2  0.43   1.8  17.0   6:16p    NW
15  59.2  70.8   7:40p  50.9  11:47p   6.6   0.8  0.00   1.6  19.0   2:14p    NW
16  63.2  77.4   1:45p  45.9   5:36a   5.5   3.8  0.00   0.4   7.0   1:16p     W
17  71.1  84.8   4:20p  55.6   5:42a   1.9   7.8  0.28   1.4   8.0  11:25a     W
18  67.0  76.0   4:42p  60.7  11:58p   1.0   3.0  0.21   2.4  18.0   2:02a   WNW
19  62.8  70.7   5:54p  52.3  11:53p   3.8   1.6  0.00   2.2  16.0   2:54p    NW
20  56.3  65.1   4:08p  45.2  11:59p   8.7   0.0  0.00   2.3  17.0  10:55a    NW
21  55.7  68.2   4:36p  40.4   4:22a   9.7   0.3  0.00   1.3  15.0   2:18p    NW
22  60.9  74.4   4:51p  45.5   5:46a   7.0   2.8  0.00   1.0  12.0  12:56p    NW
23  65.3  82.4   4:31p  45.7   5:35a   5.6   5.9  0.00   0.6  11.0   2:42p   SSW
24  70.6  76.3   5:21p  61.3  12:00a   0.1   5.3  0.04   5.1  15.0  10:30a   SSE
25  67.0  69.8   1:08a  65.1   8:33a   0.0   2.0  1.87   0.4  14.0   1:15a   SSW
26  67.0  76.4   6:03p  55.6  11:57p   1.1   3.0  0.00   1.6  14.0   2:43p    NW
27  62.1  81.3   5:05p  50.0   5:16a   4.0   2.3  0.00   0.6  14.0   2:43p   NNW
28  68.1  84.8   4:47p  49.6   5:16a   4.0   6.9  0.00   0.4  11.0  10:57a     W
29  71.9  86.4   5:07p  54.0   4:51a   2.3   8.9  0.00   0.6  11.0   6:11p   SSW
30  73.7  85.4   5:25p  62.0   5:04a   0.3   8.7  0.00   0.7  10.0   1:11p     S
----------------------------------------------------------------------------------
    64.4  88.3     3    40.4    21   124.7 104.8  5.21   1.3  23.0     3       W

Max >=  80.0: 10
Max <=  32.0:  0
Min <=  32.0:  0
Min <=   0.0:  0
Max Rain: 1.87 on day 25
Days of Rain: 12 (>= 0.01 in)  9 (>= 0.10 in)  1 (>= 1.00 in)
Heat Base: 65.0  Cool Base: 65.0  Method: Integration