NOAA-Style Climate Reports


Report for 2014 May
                   Monthly Climatological Summary for May 2014

Name: Old Pump Road Wx   City: Jericho   State: Vermont
Elevation: 646 ft  Lat: N 44° 30' 34"   Lon: W 072° 59' 42"

                  Temperature (°F), Rain (in), Wind Speed (mph)

                                      Heat  Cool        Avg
    Mean                              Deg   Deg         Wind                 Dom
Day Temp  High   Time   Low    Time   Days  Days  Rain  Speed High   Time    Dir
----------------------------------------------------------------------------------
 1  52.1  68.3   2:52p  42.0  12:42a  13.0   0.1  0.18   1.8  21.0   4:38p   SSE
 2  49.5  58.4   3:42p  40.0   6:04a  15.5   0.0  0.01   1.3  17.0   2:11p     W
 3  50.6  63.8   1:57p  44.0   4:10a  14.3   0.0  0.05   0.9  14.0   2:42p     S
 4  46.2  51.1   1:20p  43.3   7:51p  18.8   0.0  0.63   1.5  16.0   2:17p   WNW
 5  43.7  46.4  12:43a  41.5   9:41a  21.3   0.0  0.15   2.2  14.0   4:23a    NW
 6  44.4  54.7   5:04p  33.3   5:22a  20.6   0.0  0.00   2.4  19.0  12:53p    NW
 7  44.6  60.6   5:21p  28.2   5:55a  20.4   0.0  0.00   1.4  14.0   3:04p    NW
 8  50.7  66.3   1:21p  29.3   5:10a  14.3   0.1  0.00   1.4  17.0   3:05p    NW
 9  56.3  65.7   3:01p  46.6   3:07a   8.7   0.0  0.00   1.4  16.0   2:55p    SE
10  66.6  76.8   2:01p  59.7   5:39a   1.8   3.4  0.52   2.7  20.0   4:10p   WSW
11  59.5  71.6   5:57p  49.1   4:12a   6.4   1.0  0.00   2.5  20.0   4:10p   WNW
12  57.4  73.0   1:27p  41.3   5:45a   7.7   1.2  0.00   1.1  16.0   5:58p   NNW
13  56.9  68.5   4:41p  50.5   6:12a   8.2   0.1  0.00   0.6  11.0   6:49p   SSE
14  65.2  81.3   4:21p  53.6   6:35a   3.6   3.7  0.00   0.7  10.0  12:36p   SSW
15  70.3  79.2   4:58p  59.6  12:44a   0.9   6.0  0.00   1.8  24.0   6:44p   SSE
16  69.7  74.5  11:34a  66.7   8:26p   0.0   4.5  0.01   5.9  30.0  12:30p    SE
17  53.2  68.5  12:02a  43.1  11:59p  11.9   0.1  1.18   1.4  17.0  12:01a    NW
18  48.8  61.2   2:55p  34.0   5:59a  16.2   0.0  0.00   1.8  19.0   4:24p    NW
19  50.7  64.2   7:11p  35.2   2:42a  14.3   0.0  0.00   2.4  18.0   1:20p    NW
20  54.0  69.9   5:35p  36.4   5:42a  11.7   0.8  0.00   2.0  18.0  11:05a    NW
21  58.5  77.4   5:31p  37.7   5:26a   9.5   3.1  0.00   0.7  10.0  12:38p   WNW
22  57.0  65.5   9:44a  53.4  12:04a   8.0   0.0  0.63   0.1   5.0   9:28a   SSW
23  56.1  64.1  12:54p  52.3   4:44a   8.9   0.0  0.30   0.2   9.0   1:38p   WNW
24  58.6  68.7   4:49p  49.4  11:58p   6.7   0.3  0.00   0.7  13.0  11:53a    NW
25  61.7  77.5   5:06p  44.6   5:32a   6.5   3.2  0.00   0.6  11.0   2:42p     W
26  61.0  73.1   2:43p  53.6   2:12a   5.0   1.0  0.26   0.3   8.0   1:17p   SSW
27  62.2  76.2   1:37p  52.7   5:04a   4.5   2.0  0.08   0.8  11.0   3:43p    NW
28  52.5  58.5  12:51p  42.8  11:55p  12.5   0.0  0.00   0.2   7.0  12:38p   ENE
29  54.7  71.3   6:06p  36.2   5:18a  11.2   1.0  0.00   0.5  11.0   3:16p     W
30  55.6  68.1   6:38p  45.6  11:58p   9.6   0.1  0.09   1.1  24.0   6:45p    NW
31  53.5  68.5   3:57p  39.0   4:42a  11.7   0.2  0.00   1.5  13.0   5:55p    NW
----------------------------------------------------------------------------------
    55.5  81.3    14    28.2     7   323.7  31.9  4.09   1.4  30.0    16       W

Max >=  80.0:  1
Max <=  32.0:  0
Min <=  32.0:  2
Min <=   0.0:  0
Max Rain: 1.18 on day 17
Days of Rain: 13 (>= 0.01 in)  8 (>= 0.10 in)  1 (>= 1.00 in)
Heat Base: 65.0  Cool Base: 65.0  Method: Integration