NOAA-Style Climate Reports


Report for 2014 April
                   Monthly Climatological Summary for Apr 2014

Name: Old Pump Road Wx   City: Jericho   State: Vermont
Elevation: 646 ft  Lat: N 44° 30' 34"   Lon: W 072° 59' 42"

                  Temperature (°F), Rain (in), Wind Speed (mph)

                                      Heat  Cool        Avg
    Mean                              Deg   Deg         Wind                 Dom
Day Temp  High   Time   Low    Time   Days  Days  Rain  Speed High   Time    Dir
----------------------------------------------------------------------------------
 1  34.8  46.6   3:37p  21.9   7:03a  30.2   0.0  0.01   0.9  13.0   2:12a    NW
 2  44.1  54.7   4:26p  28.5  11:23p  20.9   0.0  0.00   1.2  11.0  11:43a   SSW
 3  33.3  39.9   5:06p  25.3  11:13p  31.7   0.0  0.00   1.8  15.0  11:57a    NW
 4  35.3  51.9   1:55p  19.6   6:32a  29.5   0.0  0.13   1.8  28.0   9:07p    SE
 5  36.8  44.1   1:24p  33.0  11:57p  28.2   0.0  0.03   2.6  22.0   1:46p     W
 6  37.3  51.7   6:09p  28.6  11:59p  27.6   0.0  0.00   2.0  17.0   1:03a   WNW
 7  43.8  61.3  12:53p  25.1   6:30a  21.2   0.0  0.05   1.2  21.0  10:33p   SSE
 8  45.6  55.9   1:35p  35.3  11:59p  19.4   0.0  0.35   2.8  30.0   3:48a     S
 9  35.3  41.2   2:33p  24.4  11:54p  29.7   0.0  0.00   3.6  21.0   4:05p    NW
10  43.8  60.6   4:42p  21.3   5:17a  21.2   0.0  0.00   2.9  24.0   9:15p   SSE
11  50.1  60.0   2:02p  32.7  11:51p  14.9   0.0  0.08   2.0  21.0  12:33a     W
12  44.1  59.6   3:10p  27.2   6:15a  20.9   0.0  0.00   1.5  18.0  12:42p   WNW
13  50.7  62.9   3:52p  41.2   2:45a  14.3   0.0  0.23   1.8  18.0  10:46p    SE
14  64.0  78.9   1:35p  42.9   4:49a   5.8   4.8  0.09   3.1  30.0   4:15p   SSE
15  50.8  65.2   9:04a  24.4  11:59p  14.2   0.0  1.93   2.4  27.0   2:00p     W
16  23.6  31.6   5:51p  17.9  11:57p  41.4   0.0  0.01   3.2  17.0   8:19a    NW
17  32.7  48.2   4:20p  14.5   5:53a  31.9   0.0  0.07   3.0  15.0   7:30p    SE
18  43.0  54.0   2:33p  28.0   6:23a  22.1   0.0  0.00   1.8  12.0  11:16a   SSE
19  40.2  46.4   6:15p  26.7  11:26p  24.5   0.0  0.13   2.9  16.0   2:59p   WNW
20  42.8  60.9   5:04p  22.4   5:56a  22.1   0.0  0.00   0.7  11.0  12:39p    SW
21  57.7  70.7   3:50p  48.9   4:46a   8.0   0.7  0.00   1.0  16.0  11:39a   SSW
22  54.3  63.9  11:14a  47.5   5:35a  10.7   0.0  0.26   0.7  15.0   1:19p    SW
23  42.9  48.3  12:00a  40.4   7:05a  22.1   0.0  0.06   4.0  21.0   4:25p    NW
24  41.1  50.7   5:34p  33.2   5:15a  23.9   0.0  0.00   5.8  27.0   1:41p    NW
25  42.5  56.3   4:48p  25.5   5:19a  22.5   0.0  0.00   1.0  13.0  12:26p   WNW
26  42.6  45.3   4:29p  39.4  11:58p  22.4   0.0  0.33   0.3   7.0  11:55a    SW
27  38.4  44.9   7:03p  32.5   7:10a  26.6   0.0  0.24   1.3  12.0   2:43p    NW
28  44.0  52.5   4:57p  30.7   6:19a  21.0   0.0  0.00   1.5  16.0  10:40a   NNW
29  50.7  60.8   1:24p  44.0  11:59p  14.3   0.0  0.01   2.3  24.0   9:38p    SE
30  42.1  45.1   9:44a  38.5   3:08a  22.9   0.0  0.36   3.1  19.0  11:03a    SE
----------------------------------------------------------------------------------
    42.9  78.9    14    14.5    17   666.1   5.5  4.37   2.1  30.0     8     WSW

Max >=  80.0:  0
Max <=  32.0:  1
Min <=  32.0: 17
Min <=   0.0:  0
Max Rain: 1.93 on day 15
Days of Rain: 18 (>= 0.01 in)  9 (>= 0.10 in)  1 (>= 1.00 in)
Heat Base: 65.0  Cool Base: 65.0  Method: Integration