NOAA-Style Climate Reports


Report for 2014 March
                   Monthly Climatological Summary for Mar 2014

Name: Old Pump Road Wx   City: Jericho   State: Vermont
Elevation: 646 ft  Lat: N 44° 30' 34"   Lon: W 072° 59' 42"

                  Temperature (°F), Rain (in), Wind Speed (mph)

                                      Heat  Cool        Avg
    Mean                              Deg   Deg         Wind                 Dom
Day Temp  High   Time   Low    Time   Days  Days  Rain  Speed High   Time    Dir
----------------------------------------------------------------------------------
 1  15.1  29.2   4:24p  -8.2   1:51a  49.9   0.0  0.00   1.5  24.0   3:08p   SSE
 2  15.4  28.9  12:08a  -2.3  11:55p  49.6   0.0  0.00   1.9  14.0   3:23a    NW
 3   2.2  12.6   3:01p  -8.0   6:48a  62.8   0.0  0.00   1.1  15.0  12:53p    NW
 4   5.5  20.6   2:44p -14.8   5:57a  59.5   0.0  0.00   0.4   8.0   5:16p     W
 5  10.8  18.4   9:29a  -6.9  11:59p  54.2   0.0  0.00   1.3  15.0   1:48p    NW
 6   5.2  25.9   4:08p -15.9   6:25a  59.8   0.0  0.00   0.3   8.0   2:58p     W
 7  22.2  39.6   2:38p  -1.0  12:53a  42.6   0.0  0.01   0.9  14.0  12:47p    SW
 8  25.6  35.3   9:50a  10.4  11:55p  39.4   0.0  0.00   0.8  11.0   9:42a   NNW
 9  17.1  28.0   4:50p   1.6   7:34a  45.9   0.0  0.00   0.8  12.0  12:47p    NW
10  28.2  36.0   4:48p  20.1  12:36a  36.2   0.0  0.03   0.3  11.0   9:16p   SSE
11  34.9  43.4   4:56p  26.9  11:02p  30.0   0.0  0.03   0.6  12.0   2:16p   WNW
12  23.9  30.8   8:02a  13.2  11:57p  41.1   0.0  0.00   2.0  19.0  10:53p   NNW
13   7.0  14.9   4:59p  -6.0  11:59p  58.0   0.0  0.01   4.5  25.0   1:44a    NW
14  16.1  38.3  11:45p  -9.7   5:24a  48.9   0.0  0.00   2.1  23.0   6:48p   SSE
15  37.0  43.8   9:42a  25.2  11:58p  28.0   0.0  0.00   2.3  19.0  12:21a    SW
16  11.9  25.2  12:00a  -6.5  11:54p  53.1   0.0  0.01   3.1  17.0   2:21p    NW
17   4.3  21.6   4:40p -13.9   6:44a  60.7   0.0  0.00   0.7  14.0  12:44p    NW
18  14.8  37.0   5:49p  -7.5   4:58a  50.2   0.0  0.00   0.4   9.0   2:29p   WSW
19  26.7  39.1   1:03p   8.3   4:08a  38.3   0.0  0.01   1.4  16.0   4:49p    SE
20  35.2  41.0  12:48p  31.5  12:00a  29.8   0.0  0.12   1.5  17.0   2:13p     W
21  30.2  37.1   4:53p  18.7  11:44p  34.8   0.0  0.00   3.3  20.0  10:42a   WNW
22  26.9  35.6   1:16p  14.6   3:42a  38.1   0.0  0.00   1.2  19.0  12:46p   SSW
23  18.6  32.0   2:37a   0.9  11:58p  46.4   0.0  0.00   3.1  19.0   9:32a    NW
24   8.8  24.9   5:22p  -7.9   6:48a  56.1   0.0  0.00   1.2  16.0  11:32a    NW
25  17.4  33.8   5:20p  -2.1   4:49a  47.6   0.0  0.00   0.9  17.0  12:21p     S
26  19.3  24.9  12:47p  12.9   4:41a  45.6   0.0  0.00   4.0  26.0   5:02p    NW
27  22.0  35.8   4:28p  -0.9   6:47a  42.9   0.0  0.00   1.1  12.0   1:00a   SSW
28  37.7  43.9   9:31p  31.0   5:35a  27.3   0.0  0.28   2.1  18.0   2:24a   SSE
29  38.3  42.8   1:11p  31.8  11:56p  26.7   0.0  0.05   1.1  12.0   1:32a   NNW
30  34.4  40.7  12:28p  29.2  11:58p  30.6   0.0  0.29   2.0  14.0  10:47p   NNW
31  30.9  36.2   6:37p  28.3   4:18a  34.1   0.0  0.00   3.1  18.0   3:26p   NNW
----------------------------------------------------------------------------------
    20.8  43.9    28   -15.9     6  1368.2   0.0  0.84   1.6  26.0    26     WNW

Max >=  80.0:  0
Max <=  32.0: 14
Min <=  32.0: 31
Min <=   0.0: 15
Max Rain: 0.29 on day 30
Days of Rain: 10 (>= 0.01 in)  3 (>= 0.10 in)  0 (>= 1.00 in)
Heat Base: 65.0  Cool Base: 65.0  Method: Integration