NOAA-Style Climate Reports


Report for 2014 February
                   Monthly Climatological Summary for Feb 2014

Name: Old Pump Road Wx   City: Jericho   State: Vermont
Elevation: 646 ft  Lat: N 44° 30' 34"   Lon: W 072° 59' 42"

                  Temperature (°F), Rain (in), Wind Speed (mph)

                                      Heat  Cool        Avg
    Mean                              Deg   Deg         Wind                 Dom
Day Temp  High   Time   Low    Time   Days  Days  Rain  Speed High   Time    Dir
----------------------------------------------------------------------------------
 1  26.3  37.1   2:38p  11.4   7:16a  38.6   0.0  0.00   0.7  18.0  11:37p   SSE
 2  33.7  37.6   5:25a  26.3  11:24p  31.3   0.0  0.09   1.1  17.0  12:47a    SW
 3  21.2  26.5  12:00a  11.0  11:19p  43.8   0.0  0.00   0.7   7.0   3:50a    NW
 4  18.1  25.6  12:57p  10.8  12:49a  46.9   0.0  0.00   0.3   9.0  11:59a   WNW
 5  17.6  25.3  12:59p   8.3  11:09p  47.4   0.0  0.00   0.1   6.0   2:44p   NNW
 6   8.5  17.5   3:06p   0.5   7:51a  56.4   0.0  0.00   0.0   0.0  12:00a   ---
 7  15.9  23.6   2:01p   8.0  11:59p  49.1   0.0  0.00   0.3  14.0   2:52p    SW
 8  13.2  22.2   1:13p   5.7  12:42a  51.8   0.0  0.00   0.4   9.0  10:46a   WNW
 9  15.7  23.5  11:21a   8.0   3:26a  49.3   0.0  0.00   0.2  10.0  11:41a   WSW
10  12.7  20.1   1:09p   5.2   8:35p  52.3   0.0  0.00   0.5  10.0  12:21p    NW
11   5.8  13.9  12:50p  -7.7  12:00a  59.6   0.0  0.00   2.7  13.0   1:20p    NW
12   4.0  21.4   3:49p -15.4   7:10a  60.1   0.0  0.00   0.2   6.0   1:10p   SSW
13  22.9  29.5   1:16p  14.0  12:00a  42.1   0.0  0.00   0.5  12.0  11:57p   NNW
14  22.5  25.7  12:17p  20.5   7:25a  42.5   0.0  0.00   3.1  18.0   9:34a    NW
15  24.0  33.2   2:04p  17.4  11:51p  41.0   0.0  0.04   0.7  16.0   6:08p   NNW
16  12.3  20.8   3:27p  -3.0  11:45p  52.7   0.0  0.00   2.0  15.0  10:23a   WNW
17   3.5  16.7   3:55p  -7.9  11:50p  61.5   0.0  0.00   0.8  13.0   9:41a    NW
18  14.3  26.7  11:50a  -8.6  12:17a  50.7   0.0  0.00   1.0  18.0   7:34a    SE
19  25.3  33.5   1:37p  11.3   2:15a  39.7   0.0  0.00   0.1   8.0  10:59a   SSW
20  32.1  42.8  12:29p  18.2   6:44a  32.9   0.0  0.27   0.3   8.0  11:05a     W
21  35.1  39.3  11:09a  31.0  10:23p  29.9   0.0  0.61   2.1  32.0  12:52p    SE
22  36.3  44.5   2:58p  29.5   6:26a  28.4   0.0  0.06   2.2  28.0   8:04p   WSW
23  33.0  44.7   2:25p  23.7   1:41a  32.0   0.0  0.00   1.2  14.0   2:42p   WNW
24  21.1  28.3  12:00a  13.9  11:59p  43.9   0.0  0.00   3.5  22.0   2:29p   WNW
25  12.3  17.5  11:42a   4.4   9:51p  52.7   0.0  0.00   1.1  14.0  12:57a   WNW
26   9.8  18.4  10:36a  -2.3  11:48p  55.2   0.0  0.00   1.6  23.0  11:51a     W
27  11.0  22.5   1:08p  -2.3  12:01a  54.0   0.0  0.00   1.3  20.0  10:51a    SW
28   4.9  14.6   3:18p  -6.3  11:59p  60.1   0.0  0.00   1.4  15.0   1:55p   WNW
----------------------------------------------------------------------------------
    18.3  44.7    23   -15.4    12  1305.9   0.0  1.07   1.1  32.0    21     WNW

Max >=  80.0:  0
Max <=  32.0: 20
Min <=  32.0: 28
Min <=   0.0:  8
Max Rain: 0.61 on day 21
Days of Rain: 5 (>= 0.01 in)  2 (>= 0.10 in)  0 (>= 1.00 in)
Heat Base: 65.0  Cool Base: 65.0  Method: Integration