NOAA-Style Climate Reports


Report for 2014 January
                   Monthly Climatological Summary for Jan 2014

Name: Old Pump Road Wx   City: Jericho   State: Vermont
Elevation: 646 ft  Lat: N 44° 30' 34"   Lon: W 072° 59' 42"

                  Temperature (°F), Rain (in), Wind Speed (mph)

                                      Heat  Cool        Avg
    Mean                              Deg   Deg         Wind                 Dom
Day Temp  High   Time   Low    Time   Days  Days  Rain  Speed High   Time    Dir
----------------------------------------------------------------------------------
 1   4.6  11.0  12:00a  -4.9   9:08p  60.4   0.0  0.00   0.5  11.0   6:54p   NNW
 2  -8.2  -4.5  11:30a -11.9   7:10p  73.2   0.0  0.00   0.5   9.0   5:38p    NW
 3 -11.9  -6.8   1:57p -20.3  11:39p  76.9   0.0  0.00   1.0  10.0   6:35a    NW
 4   5.5  22.1   4:56p -20.5  12:36a  59.5   0.0  0.00   1.2  18.0   7:01p     S
 5  26.5  37.6  11:54p  17.8   7:20a  38.5   0.0  0.00   0.5  17.0  11:00p   SSE
 6  35.9  48.4   7:30a  18.3  11:58p  29.0   0.0  1.59   3.7  24.0   3:26a   WSW
 7   8.1  18.3  12:00a   3.9   7:12p  56.9   0.0  0.00   4.0  29.0   7:29a     W
 8  10.1  17.1   2:07p   4.8   1:17a  54.5   0.0  0.00   0.9  12.0   2:04a   SSW
 9  13.5  20.4   1:33p   5.7   9:05p  51.5   0.0  0.00   0.8  18.0   9:51a   WNW
10  22.0  31.6   9:32p   7.4   3:43a  43.0   0.0  0.00   0.0   4.0  12:18p    SW
11  41.8  53.0   8:33p  27.5  12:25a  23.2   0.0  1.22   0.7  17.0  10:08p   WSW
12  37.3  43.6  12:00a  34.1  11:59p  27.7   0.0  0.00   2.2  21.0   3:06p     W
13  39.1  47.1   3:15p  26.2   5:35a  25.9   0.0  0.00   1.7  21.0   1:04p   SSE
14  41.0  46.4  12:40a  34.4  11:55p  24.0   0.0  0.41   0.8  18.0   1:12a     S
15  35.2  45.2   1:45p  27.5   7:11a  29.8   0.0  0.03   0.7  15.0  12:48p   SSE
16  27.9  29.9  12:00a  25.7  11:56p  37.1   0.0  0.00   0.1   4.0  12:01a   NNW
17  28.3  33.7   1:28p  21.3   7:34a  36.7   0.0  0.00   0.5  13.0   2:37p   SSE
18  27.5  39.8   2:12p  16.2   6:30a  37.5   0.0  0.03   0.2   7.0  12:08p   NNW
19  25.7  28.3  12:00a  23.1   5:35p  39.3   0.0  0.00   1.2  16.0   4:44p     S
20  12.0  26.8   1:32a  -2.9  11:58p  53.0   0.0  0.00   1.4  12.0   1:59p    NW
21  -7.3   1.2   2:26p -18.6  11:59p  72.3   0.0  0.00   0.2   8.0  11:30a    NW
22 -13.5  -4.3   1:43p -22.2   7:04a  78.5   0.0  0.00   0.7  12.0  12:40p    NW
23  -5.2   8.8   2:15p -18.8   1:54a  70.2   0.0  0.00   0.2   7.0  11:17a   WNW
24  -0.2  14.3  11:37p -16.3   4:31a  65.0   0.0  0.00   0.8  16.0   8:57p   SSE
25  17.5  21.0   1:52p  13.7   2:52a  46.9   0.0  0.00   2.1  22.0   5:33a   SSE
26   6.1  18.6  12:13a  -5.2   7:38a  58.9   0.0  0.00   1.8  20.0   3:56a   WNW
27  18.4  29.1  10:23a   6.1  11:47p  46.6   0.0  0.00   2.6  28.0   2:35p     W
28   7.3  15.4   1:36p  -3.2   4:41a  57.7   0.0  0.00   1.1  21.0   9:13a   WSW
29   7.1  15.8   2:16p  -7.8   7:34a  57.9   0.0  0.00   0.8  17.0   4:38p    SW
30  16.2  25.9   2:42p   1.7   6:51a  48.8   0.0  0.00   1.1  15.0   9:37p     S
31  26.9  32.3  11:35a  20.0  11:50p  38.1   0.0  0.00   1.3  19.0   3:13a     S
----------------------------------------------------------------------------------
    16.0  53.0    11   -22.2    22  1518.5   0.0  3.28   1.1  29.0     7     WSW

Max >=  80.0:  0
Max <=  32.0: 21
Min <=  32.0: 29
Min <=   0.0: 12
Max Rain: 1.59 on day 6
Days of Rain: 5 (>= 0.01 in)  3 (>= 0.10 in)  2 (>= 1.00 in)
Heat Base: 65.0  Cool Base: 65.0  Method: Integration