NOAA-Style Climate Reports


Report for 2014
                   Annual Climatological Summary for 2014

Name: Old Pump Road Wx   City: Jericho   State: Vermont
Elevation: 646 ft  Lat: N 44° 30' 34"   Lon: W 072° 59' 42"

                  Temperature (°F), Heat Base: 65.0  Cool Base: 65.0
                          Dep.  Heat  Cool                       Max  Max  Min  Min
        Mean  Mean        From  Deg   Deg                        >=   <=   <=   <=
 YR MO  Max   Min   Mean  Norm  Days  Days  Hi  Date  Low  Date 80.0 32.0 32.0   0.0
------------------------------------------------------------------------------------
 14  1  24.7   5.9  16.0  -3.0  1518     0  53.0  11 -22.2   22    0   21   29   12
 14  2  26.9   8.1  18.3  -3.7  1305     0  44.7  23 -15.4   12    0   20   28    8
 14  3  32.2   6.2  20.8  -9.2  1368     0  43.9  28 -15.9    6    0   14   31   15
 14  4  53.8  30.7  42.9  -4.1   666     5  78.9  14  14.5   17    0    1   17    0
 14  5  67.5  44.7  55.5  -0.5   323    31  81.3  14  28.2    7    1    0    2    0
 14  6  76.5  52.4  64.5  -2.5   129   112  88.3   3  40.4   21   11    0    0    0
 14  7  78.6  56.1  67.3  -3.7    85   152  89.6   1  45.3   30   12    0    0    0
 14  8  75.8  54.8  64.7  -4.3   114   106  85.2  11  43.8   19   13    0    0    0
 14  9  70.3  46.3  57.9  -4.1   278    64  86.1   2  27.3   19    5    0    2    0
 14 10  57.8  42.4  50.2   1.2   476    15  79.1  15  29.4   13    0    0    3    0
 14 11  42.0  28.4  35.5  -4.5   883     0  65.8  24   7.7   29    0    5   22    0
 14 12  34.4  20.6  27.7   0.7  1146     0  55.2  25   1.4    8    0   13   27    0
------------------------------------------------------------------------------------
        53.4  33.0  43.4  -3.1  8297   488  89.6 Jul -22.2  Jan   42   74  161   35

                                Precipitation (in)

              Dep.   Max        Days of Rain
              From   Obs.           >=
 YR MO Total  Norm   Day Date 0.01 0.10 1.00
---------------------------------------------
 14  1  3.28  0.58  1.59   6     5    3    2
 14  2  1.07 -0.93  0.61  21     5    2    0
 14  3  0.84 -2.04  0.29  30    10    3    0
 14  4  4.37  1.30  1.93  15    18    9    1
 14  5  4.09  0.88  1.18  17    13    8    1
 14  6  5.21  1.45  1.87  25    12    9    1
 14  7  5.45  1.52  1.01  28    15   10    2
 14  8  2.51 -2.18  0.96  13    16    8    0
 14  9  2.67 -1.77  0.95   2    13    6    0
 14 10  4.15  0.60  0.84   4    19   12    0
 14 11  1.81 -1.66  0.59  24    10    5    0
 14 12  2.47  0.00  1.42  23    11    5    1
---------------------------------------------
       37.92 -2.25  1.93  Apr  147   80    8

                                Wind Speed (mph)
                          Dom
 YR MO   Avg.  Hi   Date  Dir
------------------------------
 14  1   1.1  29.0    7   WSW
 14  2   1.1  32.0   21   WNW
 14  3   1.6  26.0   26   WNW
 14  4   2.1  30.0    8     W
 14  5   1.4  30.0   16   WNW
 14  6   1.3  23.0    3   WNW
 14  7   0.9  20.0    5     W
 14  8   0.8  21.0    5     W
 14  9   0.9  25.0   21   WSW
 14 10   1.1  24.0    8     W
 14 11   2.7  28.0   24   SSW
 14 12   1.2  22.0   25   WNW
------------------------------
         1.4  32.0  Feb     W