NOAA-Style Climate Reports


Report for 2013 December
                   Monthly Climatological Summary for Dec 2013

Name: Old Pump Road Wx   City: Jericho   State: Vermont
Elevation: 646 ft  Lat: N 44° 30' 34"   Lon: W 072° 59' 42"

                  Temperature (°F), Rain (in), Wind Speed (mph)

                                      Heat  Cool        Avg
    Mean                              Deg   Deg         Wind                 Dom
Day Temp  High   Time   Low    Time   Days  Days  Rain  Speed High   Time    Dir
----------------------------------------------------------------------------------
 1  31.9  38.0  12:04p  25.1  11:59p  33.1   0.0  0.04   0.6  15.0  12:19a   SSE
 2  31.0  38.7   1:00p  24.3  12:33a  34.0   0.0  0.07   0.0   2.0  10:29a   WNW
 3  32.6  41.0  12:42p  27.1  11:54p  32.2   0.0  0.02   0.4  10.0   1:40p    NW
 4  30.1  38.1   1:37p  24.0   2:07a  34.9   0.0  0.00   0.1   6.0  11:18a   WNW
 5  41.8  53.5   8:35p  25.8  12:04a  23.2   0.0  0.01   0.9  17.0   5:50p     S
 6  35.9  49.1  12:00a  31.7  10:17p  29.1   0.0  0.50   0.9  13.0  12:05p    NW
 7  26.3  32.1  12:00a  20.2   9:19p  38.7   0.0  0.00   2.3  18.0   1:34p    NW
 8  21.4  25.3  12:47p  16.1   6:09a  43.6   0.0  0.00   0.7  10.0   1:08a    NW
 9  29.2  35.4   7:27p  23.8   3:54a  35.8   0.0  0.00   1.6  19.0   7:49a   SSE
10  27.1  33.7   3:47a  19.6  11:52p  37.9   0.0  0.00   2.6  17.0   7:16a   WNW
11  19.1  25.4   2:13p  11.5  10:33p  45.9   0.0  0.01   1.7  18.0   1:39p   WNW
12  11.3  16.2   7:33p   2.6   8:05a  53.7   0.0  0.00   1.0  15.0   7:06p   WSW
13   9.6  15.7   6:15a  -5.4  11:15p  55.4   0.0  0.00   2.0  18.0   6:30a    NW
14   1.7  13.0  11:42p  -9.6   5:52a  63.3   0.0  0.00   0.4  18.0  11:57p   SSE
15  17.2  22.8  12:18p   7.4  11:54p  47.8   0.0  0.00   1.0  19.0   2:47a   SSE
16   4.9  12.1   4:45a  -9.4  11:56p  60.1   0.0  0.00   1.4  18.0  11:44a    NW
17   0.6  12.3   9:14p -15.3   7:25a  64.4   0.0  0.00   0.0   4.0  11:12a     W
18  18.0  25.3   2:43p   8.3  12:00a  47.0   0.0  0.00   0.0   3.0  12:14p    SW
19  28.6  34.7   9:13p  21.0  12:00a  36.4   0.0  0.00   0.7  13.0   7:40p    SW
20  28.0  34.1  12:00a  20.2  10:41p  37.0   0.0  0.05   0.1   6.0   3:14p     W
21  27.5  32.4   8:56a  21.7  12:00a  37.5   0.0  0.08   0.2  11.0   1:00p     W
22  26.9  30.7   9:09p  23.4   2:30a  37.8   0.0  0.00   0.0   0.0  12:00a     E
23  29.2  32.1   1:23p  21.2  11:58p  35.6   0.0  0.00   0.0   0.0  12:00a     E
24  12.5  21.2  12:00a   3.7  11:47p  52.5   0.0  0.00   0.0   0.0  12:00a     E
25   4.4  11.3   1:04p  -4.1   7:49a  60.6   0.0  0.00   0.0   0.0  12:00a     E
26  19.2  24.8   3:15p   9.6  12:00a  45.8   0.0  0.00   0.0   0.0  12:00a     E
27  23.5  29.3  10:37a  16.0  11:55p  41.5   0.0  0.00   0.0   0.0  12:00a     E
28  27.9  32.6   8:50p  13.2   1:20a  37.1   0.0  0.00   0.0   0.0  12:00a     E
29  30.4  36.4   4:38p  23.1   7:36a  34.6   0.0  0.00   0.0   6.0   4:56p    SW
30  15.1  33.0   3:46a  -0.1   9:39p  49.9   0.0  0.00   1.9  18.0   9:49a    NW
31   6.9  13.8  10:16p  -0.7   3:32a  58.1   0.0  0.00   0.0   7.0  10:02p     W
----------------------------------------------------------------------------------
    21.6  53.5     5   -15.3    17  1344.5   0.0  0.78   0.7  19.0     9     WNW

Max >=  80.0:  0
Max <=  32.0: 15
Min <=  32.0: 31
Min <=   0.0:  7
Max Rain: 0.50 on day 6
Days of Rain: 8 (>= 0.01 in)  1 (>= 0.10 in)  0 (>= 1.00 in)
Heat Base: 65.0  Cool Base: 65.0  Method: Integration