NOAA-Style Climate Reports


Report for 2013 November
                   Monthly Climatological Summary for Nov 2013

Name: Old Pump Road Wx   City: Jericho   State: Vermont
Elevation: 646 ft  Lat: N 44° 30' 34"   Lon: W 072° 59' 42"

                  Temperature (°F), Rain (in), Wind Speed (mph)

                                      Heat  Cool        Avg
    Mean                              Deg   Deg         Wind                 Dom
Day Temp  High   Time   Low    Time   Days  Days  Rain  Speed High   Time    Dir
----------------------------------------------------------------------------------
 1  60.2  65.8   3:01p  53.1  11:58p   4.7   0.0  0.18   3.7  30.0  11:57a     S
 2  44.6  53.1  12:00a  32.8  11:57p  20.4   0.0  0.13   1.1  13.0   6:54p   NNW
 3  28.6  34.4   1:14p  19.2  11:49p  38.0   0.0  0.00   1.8  18.0   1:18p   NNW
 4  25.2  35.9   1:57p  16.5   6:05a  39.8   0.0  0.00   0.6  10.0  10:20a   NNW
 5  37.8  47.6   2:15p  21.6  12:12a  27.1   0.0  0.00   0.8  16.0  10:28a   SSE
 6  49.8  56.2   2:30p  35.7   3:44a  15.2   0.0  0.00   2.2  22.0   8:23p   SSE
 7  45.3  55.8   2:44a  32.3  11:59p  19.7   0.0  0.30   2.6  23.0   2:43a     W
 8  33.3  36.1  11:12a  27.6   6:43a  31.7   0.0  0.00   2.3  19.0   3:08p   WNW
 9  35.6  40.3   2:43p  30.5   7:24a  29.4   0.0  0.00   1.2  14.0  10:46p   WNW
10  38.7  44.9  10:51a  34.5   4:30a  26.3   0.0  0.29   1.0  26.0  10:41p   WSW
11  36.2  40.7   8:26p  29.1  11:59p  28.7   0.0  0.03   2.7  26.0   1:30a     W
12  25.2  29.1  12:00a  22.1  11:58p  39.8   0.0  0.00   3.5  17.0   4:05a   WNW
13  24.7  30.5  11:57p  18.3   6:55a  40.3   0.0  0.00   1.8  13.0   9:01a   WNW
14  33.4  42.9   1:25p  27.2  10:00p  31.6   0.0  0.01   0.6  14.0   2:24p     S
15  37.6  50.2   1:15p  28.2  12:00a  27.4   0.0  0.00   0.5  15.0  11:22a     S
16  39.2  55.1   1:55p  29.6   8:05a  25.8   0.0  0.00   0.2   7.0  10:57a     S
17  46.9  54.9  11:48p  31.7  12:33a  18.1   0.0  0.04   1.5  19.0  11:02p    SE
18  50.2  57.6   5:08a  37.3  11:59p  14.9   0.0  0.31   3.0  26.0  12:10p   WSW
19  30.2  37.3  12:00a  27.4  11:55p  34.8   0.0  0.00   5.7  25.0   7:14a   WNW
20  24.8  32.8   1:12p  16.9  11:47p  40.2   0.0  0.00   0.7  12.0  12:26a    NW
21  28.1  41.9   1:51p  13.7   7:23a  36.9   0.0  0.00   0.3  10.0  11:02a     S
22  35.3  40.8  11:14p  30.8  12:00a  29.7   0.0  0.17   0.2  19.0  11:55p   WNW
23  28.9  39.7  12:00a  18.2  11:54p  36.1   0.0  0.00   3.5  20.0   9:58p   WNW
24  15.4  34.3  12:32p   1.3   7:09a  50.0   0.0  0.00   7.0  30.0  12:32p   WNW
25  17.1  29.2  11:40p   1.3   7:10a  47.9   0.0  0.00   5.0  20.0   7:50p   SSE
26  31.3  34.3  12:40p  29.0   6:50a  33.0   0.0  0.00   4.2  11.0   1:20a   SSE
27  33.3  37.9   6:43a  26.5  11:59p  31.7   0.0  0.92   1.0  11.0   2:51a    NW
28  18.0  26.5  12:00a   6.4  11:59p  47.1   0.0  0.00   2.4  19.0   2:15a   WNW
29  11.0  22.3   1:20p   1.7   5:31a  54.0   0.0  0.00   0.2   7.0   1:21p   NNW
30  15.8  28.7  11:51p  -0.9   6:48a  49.2   0.0  0.00   0.7  20.0   6:59p   SSE
----------------------------------------------------------------------------------
    32.7  65.8     1    -0.9    30   969.5   0.0  2.38   2.1  30.0     1       W

Max >=  80.0:  0
Max <=  32.0:  6
Min <=  32.0: 24
Min <=   0.0:  1
Max Rain: 0.92 on day 27
Days of Rain: 10 (>= 0.01 in)  7 (>= 0.10 in)  0 (>= 1.00 in)
Heat Base: 65.0  Cool Base: 65.0  Method: Integration