NOAA-Style Climate Reports


Report for 2013 October
                   Monthly Climatological Summary for Oct 2013

Name: Old Pump Road Wx   City: Jericho   State: Vermont
Elevation: 646 ft  Lat: N 44° 30' 34"   Lon: W 072° 59' 42"

                  Temperature (°F), Rain (in), Wind Speed (mph)

                                      Heat  Cool        Avg
    Mean                              Deg   Deg         Wind                 Dom
Day Temp  High   Time   Low    Time   Days  Days  Rain  Speed High   Time    Dir
----------------------------------------------------------------------------------
 1  56.6  74.4   3:58p  41.7   6:19a  10.2   1.8  0.00   0.2   8.0   2:47p   WNW
 2  59.4  75.1   3:35p  47.5   3:11a   7.9   2.3  0.00   0.7  12.0  12:57p   WNW
 3  54.3  70.9   4:18p  42.9   6:59a  11.3   0.7  0.00   0.3   6.0  10:47a   WNW
 4  52.8  62.9   1:49p  41.7   6:40a  12.2   0.0  0.00   0.2   6.0   1:21p   WNW
 5  55.4  66.0   2:52p  46.2  10:46p   9.6   0.0  0.00   0.4   9.0   3:17p    NW
 6  51.9  58.7  11:00a  45.2   5:13a  13.1   0.0  0.23   1.0  14.0  11:03p   SSE
 7  61.1  74.5   1:44p  51.5  11:52p   5.1   1.2  1.02   1.5  20.0   1:15p   SSE
 8  48.5  57.9   4:06p  36.1  11:58p  16.5   0.0  0.00   1.5  17.0   2:18a    NW
 9  44.9  63.6   3:03p  30.2   7:09a  20.1   0.0  0.00   0.3   9.0  11:47a     W
10  46.8  64.4   4:29p  34.1   6:55a  18.2   0.0  0.00   0.1   4.0   2:08p    SW
11  49.9  69.6   2:25p  36.2   7:05a  15.7   0.6  0.00   0.3   6.0   3:19p   WNW
12  54.1  73.8   2:13p  38.7   6:25a  12.5   1.7  0.00   0.3  12.0   4:40p   SSE
13  53.2  69.0   4:03p  40.8   7:38a  12.3   0.5  0.00   0.4   9.0   9:23a   SSW
14  52.1  53.8   4:54p  48.2  12:00a  12.9   0.0  0.18   0.0   2.0   6:04a   WNW
15  51.4  63.5   3:16p  41.8   6:53a  13.6   0.0  0.00   0.1   4.0   1:19p   WNW
16  58.5  65.6   1:48p  52.3   6:24a   6.5   0.0  0.02   0.7  13.0  11:32a     S
17  56.4  63.6   3:16p  48.3   9:31p   8.6   0.0  0.29   0.5  16.0   1:27a   WSW
18  52.9  59.4   2:08p  47.5  10:47p  12.1   0.0  0.39   1.1  16.0   1:07p     W
19  49.9  59.7  12:01p  36.5   6:54a  15.1   0.0  0.02   0.6  17.0  10:17p   SSE
20  48.4  54.1  12:50p  35.2  11:42p  16.6   0.0  0.00   1.7  17.0   5:04a     W
21  48.1  60.2   4:01p  32.3   5:54a  16.9   0.0  0.00   0.8  19.0  11:06p   SSE
22  48.0  58.3  12:04a  31.5  11:57p  17.0   0.0  0.08   1.1  17.0  12:27p     S
23  39.2  48.7   2:15p  29.7   2:16a  25.8   0.0  0.01   0.4   9.0  12:54p   WNW
24  36.8  42.6  11:44a  27.0   5:38a  28.2   0.0  0.14   0.7  17.0   6:26p     W
25  37.5  41.8   3:01p  31.6  11:57p  27.5   0.0  0.00   1.3  14.0   6:24a   WNW
26  37.3  43.9   3:17p  26.8   3:17a  27.7   0.0  0.04   1.2  17.0  12:30p   SSE
27  40.8  45.3  12:53p  29.7  11:45p  24.2   0.0  0.00   1.3  19.0  12:02p     W
28  35.4  43.5   1:40p  23.6  11:48p  29.6   0.0  0.04   1.9  23.0  12:29p   WNW
29  27.3  39.2   4:14p  18.5   6:52a  37.7   0.0  0.00   0.3   8.0   2:14p    NW
30  33.3  42.6   3:55p  24.8  12:00a  31.7   0.0  0.00   0.1   6.0   3:33p     S
31  44.8  58.4  11:51p  32.1   1:26a  20.2   0.0  0.27   1.1  17.0   6:02p   SSE
----------------------------------------------------------------------------------
    48.0  75.1     2    18.5    29   536.6   8.8  2.73   0.7  23.0    28     WSW

Max >=  80.0:  0
Max <=  32.0:  0
Min <=  32.0: 10
Min <=   0.0:  0
Max Rain: 1.02 on day 7
Days of Rain: 13 (>= 0.01 in)  7 (>= 0.10 in)  1 (>= 1.00 in)
Heat Base: 65.0  Cool Base: 65.0  Method: Integration