NOAA-Style Climate Reports


Report for 2013 September
                   Monthly Climatological Summary for Sep 2013

Name: Old Pump Road Wx   City: Jericho   State: Vermont
Elevation: 646 ft  Lat: N 44° 30' 34"   Lon: W 072° 59' 42"

                  Temperature (°F), Rain (in), Wind Speed (mph)

                                      Heat  Cool        Avg
    Mean                              Deg   Deg         Wind                 Dom
Day Temp  High   Time   Low    Time   Days  Days  Rain  Speed High   Time    Dir
----------------------------------------------------------------------------------
 1  71.8  82.8   3:42p  64.5  10:34p   0.0   6.9  0.00   0.3  11.0   1:29p   NNW
 2  70.6  80.0   1:22p  61.8  11:53p   0.4   6.0  0.18   0.4  28.0   8:12p     S
 3  64.0  74.7   2:24p  58.8   4:12a   2.6   1.5  0.23   0.3  13.0   3:53p     W
 4  61.9  71.1   2:08p  53.2   7:05a   3.7   0.6  0.13   0.4  11.0   2:15p   WNW
 5  53.7  61.1   1:59p  39.9  11:59p  11.3   0.0  0.00   1.6  16.0   1:31p    NW
 6  50.7  67.3   5:04p  36.0   6:47a  14.5   0.2  0.00   0.5  10.0   2:39p    SW
 7  57.9  69.8  11:26a  47.7  12:00a   7.3   0.2  0.00   0.3   8.0  10:04a   SSW
 8  52.8  60.4   3:48p  39.0  11:58p  12.2   0.0  0.33   2.4  18.0  11:29a    NW
 9  51.7  67.4   3:50p  35.8   5:23a  13.4   0.1  0.00   0.5  14.0  12:48p     S
10  63.4  72.9   3:47p  54.2   3:07a   3.4   1.9  0.35   0.1   6.0   8:54a   SSE
11  75.5  89.3   3:12p  65.1   6:40a   0.0  10.5  0.10   0.8  15.0   9:24p     S
12  68.4  75.3   2:22p  64.0  11:01p   0.1   3.4  0.66   0.1   7.0   2:40a     W
13  56.6  64.2  12:11a  50.8  11:41p   8.4   0.0  1.03   2.3  15.0   8:18a    NW
14  50.5  58.0   3:06p  42.4  11:54p  14.5   0.0  0.03   0.9   9.0   4:25a    NW
15  51.8  65.7   2:16p  38.0   5:00a  13.2   0.0  0.00   0.3   7.0  12:38p   SSE
16  47.2  53.6  12:57a  33.8  11:50p  17.8   0.0  0.31   1.4  14.0   8:46a    NW
17  44.1  64.0   5:37p  30.0   6:21a  20.9   0.0  0.00   0.4   8.0  12:08p    NW
18  50.7  70.2   5:35p  35.4   6:53a  14.8   0.6  0.00   0.5   9.0   1:47p     S
19  55.7  76.0   4:55p  40.6   6:59a  11.2   1.9  0.00   0.2   6.0   1:58p    SW
20  60.8  78.8   4:18p  45.5   6:54a   7.9   3.7  0.00   0.4   9.0  12:59p   SSW
21  66.7  74.8   2:31p  58.6   7:31a   1.2   2.9  0.22   2.1  21.0  10:52a   SSE
22  54.2  61.9  12:08a  45.6  11:57p  10.8   0.0  0.58   1.6  14.0  12:07a   WNW
23  45.4  48.3   3:36p  42.0   6:30a  19.6   0.0  0.00   1.8  12.0   2:14p   WNW
24  49.6  59.2   4:54p  44.1  11:36p  15.4   0.0  0.00   1.6  14.0   4:03p    NW
25  49.0  62.3   3:20p  38.0   6:42a  16.0   0.0  0.00   2.2  11.0   3:50p   NNW
26  48.8  60.2   2:40p  35.0   6:40a  16.2   0.0  0.00   2.9  11.0   2:50p    NW
27  54.3  64.3   2:22p  45.2  11:58p  10.5   0.0  0.00   0.5   8.0  12:57p   WNW
28  53.9  71.9   3:10p  39.9   6:53a  12.3   1.2  0.00   0.3   6.0  12:26p     W
29  55.3  72.6   4:58p  41.2   7:03a  11.3   1.6  0.00   0.3   9.0  12:03p   WSW
30  55.2  73.1   2:55p  41.9   7:01a  11.1   1.3  0.00   0.3   8.0   3:34p     W
----------------------------------------------------------------------------------
    56.4  89.3    11    30.0    17   302.0  44.5  4.15   0.9  28.0     2     WNW

Max >=  80.0:  3
Max <=  32.0:  0
Min <=  32.0:  1
Min <=   0.0:  0
Max Rain: 1.03 on day 13
Days of Rain: 12 (>= 0.01 in)  11 (>= 0.10 in)  1 (>= 1.00 in)
Heat Base: 65.0  Cool Base: 65.0  Method: Integration