NOAA-Style Climate Reports


Report for 2013 August
                   Monthly Climatological Summary for Aug 2013

Name: Old Pump Road Wx   City: Jericho   State: Vermont
Elevation: 646 ft  Lat: N 44° 30' 34"   Lon: W 072° 59' 42"

                  Temperature (°F), Rain (in), Wind Speed (mph)

                                      Heat  Cool        Avg
    Mean                              Deg   Deg         Wind                 Dom
Day Temp  High   Time   Low    Time   Days  Days  Rain  Speed High   Time    Dir
----------------------------------------------------------------------------------
 1  66.2  77.4   1:00p  57.2   5:40a   2.0   3.1  0.43   3.5  11.0   2:50p   SSE
 2  67.7  77.3   3:30p  57.9  12:00a   1.5   4.2  0.18   3.9  13.0   1:10p   WNW
 3  63.4  72.1   4:40p  56.9   1:20a   3.1   1.5  0.23   3.6  15.0   4:30p   WNW
 4  60.7  69.2   2:14p  53.4   5:40a   4.8   0.6  0.16   1.6  16.0   2:15p    NW
 5  58.4  69.4   7:32p  45.9   6:18a   7.3   0.7  0.01   1.9  16.0  12:44p    NW
 6  60.9  77.4   6:58p  46.1   4:05a   7.5   3.4  0.00   0.4   9.0  11:56a    SW
 7  66.3  80.4   2:35p  50.2   3:43a   4.2   5.6  0.00   0.7  14.0   3:07p   SSE
 8  72.8  83.3   3:09p  66.5  11:44p   0.0   7.8  0.11   1.0  18.0  12:38a   SSE
 9  70.4  78.4   5:28p  66.1   5:06a   0.0   5.4  0.59   0.2  18.0   3:08a   WNW
10  64.3  70.7   3:41p  50.7  11:48p   2.3   1.6  0.00   2.2  17.0  12:49p   WNW
11  62.2  77.7   6:21p  48.7   6:14a   5.8   3.1  0.00   0.6  11.0   1:35p   WNW
12  64.6  78.1   6:25p  52.1   6:15a   4.1   3.8  0.00   0.4   8.0  11:31a     W
13  63.3  73.6   1:51p  55.4   2:03a   3.2   1.6  0.07   0.3  11.0  12:35p     S
14  58.5  64.6  12:02p  50.0  11:58p   6.5   0.0  0.28   1.0  11.0  12:14p   WNW
15  58.6  73.5   5:07p  44.8   5:56a   8.3   1.9  0.00   0.6  12.0   1:59p   WSW
16  61.5  76.4   6:35p  46.9   5:59a   6.4   2.9  0.07   0.4  13.0   8:28p     W
17  61.5  73.8   4:03p  50.9   4:51a   5.8   2.3  0.00   0.6   8.0   1:12p    NW
18  62.3  77.4   5:44p  48.2   5:12a   6.5   3.8  0.00   0.2   7.0   2:06p   WSW
19  65.9  80.6   3:03p  52.7   5:36a   4.2   5.1  0.00   0.9  12.0  11:58a   WNW
20  68.3  83.6   4:56p  55.2   5:10a   2.9   6.2  0.00   0.4   8.0  11:58a    SW
21  71.0  85.3   4:25p  57.7   6:12a   1.8   7.8  0.00   0.4   8.0  12:42p   SSW
22  68.7  85.5   2:58p  59.1   5:49a   1.3   5.0  0.51   0.5  20.0   3:24p   WSW
23  61.4  69.5   5:29p  49.3  11:57p   4.5   0.8  0.00   1.8  15.0   3:33p    NW
24  58.4  78.0   5:50p  42.4   6:07a   9.1   2.6  0.00   0.4  12.0  12:24p   WNW
25  61.2  77.3   4:32p  44.8   6:22a   6.8   3.0  0.00   0.3   7.0   1:33p    SW
26  65.4  71.8   1:58p  59.9   1:57a   1.5   2.0  0.17   0.0   4.0   4:07a   SSW
27  71.1  80.6   4:24p  65.7  11:56p   0.0   6.1  0.00   0.4   6.0   2:01p    NW
28  71.1  82.5   5:11p  62.2   4:52a   0.6   6.7  0.00   0.3   9.0   3:11p    NW
29  68.6  79.6   2:44p  61.2   3:46a   1.1   4.7  0.00   0.5   7.0  11:02a   WNW
30  71.1  83.5   4:49p  59.5   2:37a   1.0   7.1  0.00   0.4  10.0   1:56p   SSW
31  69.9  74.6  11:29a  66.0   6:35a   0.0   4.9  0.05   0.1   6.0  10:34a    SW
----------------------------------------------------------------------------------
    65.0  85.5    22    42.4    24   114.1 115.3  2.86   1.0  20.0    22       W

Max >=  80.0:  9
Max <=  32.0:  0
Min <=  32.0:  0
Min <=   0.0:  0
Max Rain: 0.59 on day 9
Days of Rain: 13 (>= 0.01 in)  9 (>= 0.10 in)  0 (>= 1.00 in)
Heat Base: 65.0  Cool Base: 65.0  Method: Integration