NOAA-Style Climate Reports


Report for 2013 July
                   Monthly Climatological Summary for Jul 2013

Name: Old Pump Road Wx   City: Jericho   State: Vermont
Elevation: 646 ft  Lat: N 44° 30' 34"   Lon: W 072° 59' 42"

                  Temperature (°F), Rain (in), Wind Speed (mph)

                                      Heat  Cool        Avg
    Mean                              Deg   Deg         Wind                 Dom
Day Temp  High   Time   Low    Time   Days  Days  Rain  Speed High   Time    Dir
----------------------------------------------------------------------------------
 1  67.9  75.7   3:02p  61.8  11:27p   0.4   3.3  0.37   0.4   8.0   3:22p   NNW
 2  66.5  79.3   5:18p  59.8   6:46a   1.8   3.3  0.20   0.4  10.0   5:25p     W
 3  73.7  82.5   5:06p  66.3   5:11a   0.0   8.7  0.68   0.2   6.0  11:28a   SSE
 4  74.3  87.4   1:35p  65.9   5:03a   0.0   9.3  2.06   0.6  18.0   3:15p   SSW
 5  75.3  87.9   2:40p  65.1   5:12a   0.0  10.3  0.15   0.5  11.0   2:57p     S
 6  74.6  81.3   1:05p  65.0  11:58p   0.0   9.6  0.00   0.7  11.0  12:29p     W
 7  72.0  76.3   8:46a  61.4   5:16a   0.6   7.6  0.00   0.5   8.0   5:13p    NW
 8  76.3  76.3  12:00a  76.3  12:00a   0.0  11.3  0.11   0.6   7.0  11:20a   WNW
 9  76.3  76.3  12:00a  76.3  12:00a   0.0   7.6  0.00   1.0  10.0   4:20p   WSW
10  82.2  82.2  12:00p  68.9   1:40a   0.0   0.0  0.01   3.3  15.0  11:34a   SSE
11  67.5  68.3   5:13a  59.2  10:40p   0.3   2.2  0.19   2.4  16.0   2:10a   WNW
12  68.8  77.0   2:04p  53.4   5:29a   2.7   6.5  0.00   1.2  11.0   3:03p    NW
13  76.4  76.4  12:00a  76.4  12:00a   0.0  11.4  0.00   0.5  10.0   5:30p   SSE
14  75.9  76.4  12:00a  70.3  11:55p   0.0  10.9  0.00   0.3   6.0  12:36p   SSW
15  79.6  88.7   3:29p  66.6   5:25a   0.0  14.6  0.00   1.1  13.0   4:43p   WNW
16  76.3  81.4  10:30a  64.3   5:52a   0.0  11.4  0.00   1.1  11.0   4:37p    NW
17  79.0  86.3  11:00a  64.8   3:46a   0.0  14.0  0.09   0.8  11.0   6:54p    SW
18  76.7  76.7  12:00a  76.7  12:00a   0.0  11.7  0.17   0.3   7.0  11:59a    SW
19  80.3  93.0   4:33p  67.6  11:12p   0.0  15.3  0.15   1.2  28.0   7:32p   SSW
20  72.3  80.9   4:14p  64.5  11:43p   0.0   7.3  0.13   0.8  15.0   5:52p   WNW
21  64.3  74.1   3:46p  53.8  11:59p   3.2   2.5  0.00   0.8   8.0  11:31a    NW
22  66.4  82.7   6:18p  50.0   5:29a   4.4   5.9  0.01   0.3   9.0   1:12p     W
23  69.2  80.7   6:23p  64.2  11:14p   0.0   4.2  0.43   0.1   5.0   1:43p   WNW
24  60.5  65.1   6:17a  51.0  11:59p   4.5   0.0  0.30   1.9  18.0   1:37p    NW
25  56.8  70.0   4:30p  41.3   5:47a   9.3   1.1  0.00   1.1  10.0   8:44a    NW
26  59.8  71.5   4:23p  47.9   5:45a   6.8   1.6  0.00   0.7  11.0  12:37p    NW
27  65.5  81.1   3:03p  48.8   5:44a   4.9   5.4  0.00   0.3   8.0   1:30p   WSW
28  68.7  79.2   2:40p  58.0   1:08a   1.5   5.3  0.03   2.0  11.0   2:50p   SSE
29  68.6  79.2   4:20p  59.6  12:00a   0.8   4.5  0.88   3.0  11.0   5:10p    NW
30  64.4  74.0   6:00p  55.2   6:10a   3.1   2.5  0.00   2.5  11.0  12:40p   WNW
31  66.2  80.7   4:50p  52.0   6:00a   4.0   5.2  0.00   2.0   9.0  12:10p     W
----------------------------------------------------------------------------------
    68.4  93.0    19    41.3    10    48.3 214.5  5.96   1.0  28.0    19       W

Max >=  80.0: 13
Max <=  32.0:  1
Min <=  32.0:  2
Min <=   0.0:  2
Max Rain: 2.06 on day 4
Days of Rain: 17 (>= 0.01 in)  13 (>= 0.10 in)  1 (>= 1.00 in)
Heat Base: 65.0  Cool Base: 65.0  Method: Integration