NOAA-Style Climate Reports


Report for 2013 June
                   Monthly Climatological Summary for Jun 2013

Name: Old Pump Road Wx   City: Jericho   State: Vermont
Elevation: 646 ft  Lat: N 44° 30' 34"   Lon: W 072° 59' 42"

                  Temperature (°F), Rain (in), Wind Speed (mph)

                                      Heat  Cool        Avg
    Mean                              Deg   Deg         Wind                 Dom
Day Temp  High   Time   Low    Time   Days  Days  Rain  Speed High   Time    Dir
----------------------------------------------------------------------------------
 1  75.3  89.2   2:17p  60.8   3:13a   0.9  11.2  0.79   1.0  31.0   9:58p     S
 2  71.5  85.1  12:40p  61.9  11:55p   0.1   6.6  0.68   1.0  18.0  10:02a   SSE
 3  60.4  66.1   5:36p  53.9  11:57p   4.7   0.1  0.00   1.9  14.0   3:49p   WNW
 4  54.1  62.7   6:29p  46.4  11:57p  10.8   0.0  0.00   3.3  23.0   9:51a   WNW
 5  55.1  67.7   3:15p  39.8   5:23a  10.1   0.2  0.00   1.0  12.0  12:36p   WNW
 6  55.6  65.3  10:53a  49.2   4:06a   9.4   0.0  0.14   0.2  10.0   5:59p     N
 7  53.7  56.8   4:01p  50.9   6:19a  11.3   0.0  0.55   1.0  17.0  10:58a    SE
 8  55.9  60.3   3:27p  52.5   5:03a   9.1   0.0  0.13   0.9  10.0   2:12p   WNW
 9  62.4  75.0   4:48p  51.3  11:48p   5.0   2.4  0.01   1.0  15.0   6:30p   WNW
10  61.7  76.2  12:44p  46.5   5:25a   6.5   3.2  0.12   0.5  10.0   7:37p    SE
11  57.6  62.5   2:16p  55.9   8:27a   7.4   0.0  1.95   0.3   8.0   3:28a    SE
12  58.0  68.5   5:38p  53.1  11:58p   7.1   0.2  0.08   2.3  15.0   8:03a    NW
13  59.5  70.1   3:03p  46.0   5:32a   6.8   1.3  0.00   0.2   6.0  12:42p   SSE
14  61.9  74.0   4:45p  49.3   5:35a   5.5   2.5  0.00   2.0  15.0   3:30p    NW
15  59.7  73.5   5:51p  42.9   5:30a   7.7   2.4  0.00   1.3  17.0   2:57p   WNW
16  58.1  69.9  11:22a  46.8   5:17a   7.1   0.2  0.34   0.4  10.0  11:25a   SSW
17  62.0  71.5  12:24p  51.8   5:00a   4.5   1.6  0.07   1.0  13.0  11:32a   WNW
18  57.3  69.3   4:30p  45.9   5:27a   8.4   0.7  0.00   0.6   9.0   5:29p    NW
19  54.6  66.5   6:18p  40.4   5:52a  10.5   0.1  0.00   1.6  15.0   3:18p    NW
20  58.8  76.9   6:50p  39.7   5:26a   9.0   2.8  0.00   0.5  10.0   3:41p     W
21  64.9  80.7   6:06p  47.2   3:24a   5.5   5.4  0.00   0.8  11.0  10:44a   WNW
22  65.8  79.1   1:45p  57.0   3:47a   2.3   3.1  0.21   0.4   9.0   3:01p   WNW
23  72.0  82.6   1:42p  64.0   4:05a   0.1   7.1  1.49   0.5  21.0   2:40p   SSW
24  74.3  87.0   1:32p  65.9  11:55p   0.0   9.3  0.22   0.6  13.0   7:54p     W
25  70.3  87.2   2:09p  61.9   5:10a   0.5   5.8  2.48   0.6  32.0   3:19p     S
26  67.9  78.6   6:07p  63.9   5:21a   0.2   3.0  0.75   0.2  18.0  10:34a    SW
27  73.6  84.8   1:26p  62.9   2:05a   0.4   8.9  0.00   0.4  10.0   7:19p     N
28  67.4  75.5   4:09p  61.8  11:56p   0.2   2.6  0.54   1.2  16.0  12:37p     S
29  67.3  78.8   1:33p  59.9   5:31a   1.3   3.6  1.55   0.6  13.0   3:18p   WSW
30  67.3  72.5   8:39p  58.1   4:01a   1.6   3.9  0.10   0.8   7.0  10:59a   WNW
----------------------------------------------------------------------------------
    62.8  89.2     1    39.7    20   154.0  88.2 12.20   0.9  32.0    25       W

Max >=  80.0:  7
Max <=  32.0:  0
Min <=  32.0:  0
Min <=   0.0:  0
Max Rain: 2.48 on day 25
Days of Rain: 19 (>= 0.01 in)  16 (>= 0.10 in)  4 (>= 1.00 in)
Heat Base: 65.0  Cool Base: 65.0  Method: Integration