NOAA-Style Climate Reports


Report for 2013 May
                   Monthly Climatological Summary for May 2013

Name: Old Pump Road Wx   City: Jericho   State: Vermont
Elevation: 646 ft  Lat: N 44° 30' 34"   Lon: W 072° 59' 42"

                  Temperature (°F), Rain (in), Wind Speed (mph)

                                      Heat  Cool        Avg
    Mean                              Deg   Deg         Wind                 Dom
Day Temp  High   Time   Low    Time   Days  Days  Rain  Speed High   Time    Dir
----------------------------------------------------------------------------------
 1  61.5  78.1   5:07p  42.4   6:04a   7.6   4.1  0.00   0.7  10.0   2:48p     W
 2  64.2  80.3   3:46p  43.4   6:03a   5.9   5.1  0.00   1.4  15.0   4:52p   WNW
 3  59.5  73.7   4:29p  46.8   6:09a   7.2   1.7  0.00   1.5  13.0  12:02p    SE
 4  59.5  74.9   1:05p  41.0   5:10a   8.6   3.1  0.00   1.3  13.0   4:21p   WNW
 5  61.0  80.3   6:11p  41.0   5:39a   8.2   4.2  0.00   0.7   9.0   1:44p   WSW
 6  61.5  79.4   5:27p  43.1   6:17a   7.8   4.3  0.00   0.9  13.0   2:47p   WSW
 7  64.1  85.4   6:26p  43.5   5:35a   6.7   5.8  0.00   0.7  10.0   1:38p    SW
 8  64.3  81.3   1:42p  49.1   1:50a   4.9   4.2  0.06   1.1  18.0   1:17p    SE
 9  62.7  70.3   6:37p  53.7  11:14p   3.7   1.4  0.15   0.6  11.0  12:09p     S
10  60.0  71.5   2:29p  52.4   2:41a   5.6   0.5  0.00   0.5  10.0   2:33p     W
11  61.6  71.0   2:51p  47.9  10:42p   4.4   1.0  0.17   2.0  19.0   9:40a   SSE
12  49.6  58.9   9:25a  40.9  11:40p  15.4   0.0  0.00   1.6  17.0   7:03p     W
13  43.3  50.2   4:57p  36.4   9:49p  21.7   0.0  0.02   2.6  21.0  11:46a     W
14  43.0  55.3   5:34p  30.0   5:35a  22.0   0.0  0.00   1.5  16.0  12:01p    NW
15  47.4  66.0   1:35p  27.5   5:38a  17.6   0.0  0.09   1.2  19.0   1:14p   SSE
16  56.3  72.8   1:29p  42.9   5:40a   9.6   0.9  0.00   2.9  26.0  12:06p   WNW
17  52.7  65.1   6:08p  41.6  11:53p  12.3   0.0  0.00   2.1  16.0   3:45p    NW
18  54.9  71.6   3:35p  35.7   5:14a  11.5   1.3  0.00   0.8  10.0   2:01p   WNW
19  55.5  69.6  12:55p  42.5   5:18a   9.8   0.3  0.21   0.7  12.0   2:33p   SSE
20  60.3  70.6   5:45p  55.4  10:50p   5.3   0.6  0.25   0.4  16.0  12:32a   SSE
21  61.3  70.3   4:50p  54.2   1:07a   4.2   0.5  0.72   1.2  29.0   8:38p   WNW
22  65.6  79.9   1:57p  55.9   4:48a   2.8   3.4  0.43   1.8  15.0   6:04p   NNW
23  66.2  67.9  12:00a  60.4  11:29p   1.0   2.1  6.00   4.1  10.0   7:49p   NNW
24  47.6  60.9  12:51a  43.5   5:23p  17.3   0.0  1.01   3.3  16.0  12:40p    NW
25  41.5  44.4  12:00a  38.6  10:57p  23.5   0.0  1.74   3.9  22.0   4:07p   NNW
26  42.2  49.3   7:41p  36.3  11:40p  22.8   0.0  0.35   3.0  21.0  12:46a    NW
27  49.2  65.0   5:31p  32.3   5:42a  15.8   0.0  0.01   1.7  17.0  11:03a   WNW
28  56.3  73.8   4:53p  35.4   5:20a  10.9   2.2  0.00   0.6  11.0   3:56p   SSW
29  60.4  69.6   6:45p  52.0   3:12a   5.2   0.6  0.41   0.3   7.0   8:47a   SSE
30  69.8  84.9   4:53p  56.0   5:56a   2.3   7.1  0.00   1.0  11.0   3:15p   WNW
31  74.7  90.5   3:06p  59.4   5:06a   1.2  10.8  0.11   0.6  10.0   4:49p     S
----------------------------------------------------------------------------------
    57.3  90.5    31    27.5    15   302.8  65.2 11.73   1.5  29.0    21     WNW

Max >=  80.0:  6
Max <=  32.0:  0
Min <=  32.0:  2
Min <=   0.0:  0
Max Rain: 6.00 on day 23
Days of Rain: 16 (>= 0.01 in)  12 (>= 0.10 in)  3 (>= 1.00 in)
Heat Base: 65.0  Cool Base: 65.0  Method: Integration