NOAA-Style Climate Reports


Report for 2013 April
                   Monthly Climatological Summary for Apr 2013

Name: Old Pump Road Wx   City: Jericho   State: Vermont
Elevation: 646 ft  Lat: N 44° 30' 34"   Lon: W 072° 59' 42"

                  Temperature (°F), Rain (in), Wind Speed (mph)

                                      Heat  Cool        Avg
    Mean                              Deg   Deg         Wind                 Dom
Day Temp  High   Time   Low    Time   Days  Days  Rain  Speed High   Time    Dir
----------------------------------------------------------------------------------
 1  37.6  45.3   9:19a  27.7  11:58p  26.8   0.0  0.20   2.9  22.0   4:01p     W
 2  26.7  30.8   2:14p  21.0   7:11a  38.3   0.0  0.00   3.7  27.0   1:57p     W
 3  30.8  38.7   3:22p  24.6   6:59a  34.1   0.0  0.00   5.3  27.0   3:34p   WNW
 4  37.4  52.0   5:03p  18.6   6:20a  27.6   0.0  0.00   1.5  15.0   2:03p     S
 5  39.2  43.8   2:22a  29.3  11:58p  25.8   0.0  0.00   2.9  18.0   5:06p   WNW
 6  28.5  37.8   5:05p  22.0   6:43a  36.5   0.0  0.00   4.2  23.0   9:37a   WNW
 7  45.6  57.6   5:29p  28.0  12:00a  19.4   0.0  0.00   2.7  23.0   7:37a   SSE
 8  43.8  53.2   5:45p  38.9  10:40p  21.2   0.0  0.00   1.6  16.0   1:40a   WNW
 9  43.9  48.7   7:33a  39.1  12:16a  21.1   0.0  0.26   1.2  16.0   9:42a    NW
10  43.2  49.9   2:37p  39.2  11:59p  21.8   0.0  0.20   0.4   7.0   2:20p    NW
11  33.7  39.3  12:00a  29.7   6:16a  31.3   0.0  0.00   1.9  13.0   3:38p    NW
12  33.5  35.4   6:27p  31.4   4:50a  31.5   0.0  0.00   1.7  21.0   3:30p    SE
13  39.4  48.8   3:02p  33.2   4:08a  25.6   0.0  0.42   0.5   9.0   5:05p    SW
14  37.6  44.7   1:54p  27.8  11:54p  27.4   0.0  0.07   1.0  17.0   7:16p   WNW
15  42.8  61.8   4:38p  24.6   6:16a  22.2   0.0  0.01   0.6  11.0   1:48p   SSE
16  53.2  56.4   7:05p  45.3  12:00a  11.8   0.0  0.09   3.2  27.0   3:49p   SSE
17  44.3  53.1   4:56p  31.8  11:56p  20.7   0.0  0.00   2.6  21.0   2:50p    NW
18  48.1  64.0   5:21p  29.5   1:47a  16.9   0.0  0.03   2.3  23.0   8:42p    SE
19  63.7  72.7   1:56p  44.8  11:53p   4.0   2.6  0.85   4.3  31.0   1:20a   SSE
20  42.6  50.2  12:31p  33.6  11:12p  22.4   0.0  0.01   3.5  28.0   5:38p     W
21  34.0  44.5   5:48p  25.8  11:58p  31.0   0.0  0.00   2.5  18.0   3:29a   WNW
22  41.0  57.8   4:50p  20.3   6:05a  24.0   0.0  0.00   1.5  21.0  11:29p    SE
23  44.3  55.4   2:31p  31.6   6:09a  20.7   0.0  0.00   2.7  22.0  10:00a    SE
24  55.7  74.2   4:20p  32.0   6:04a  11.3   2.0  0.03   1.5  17.0   9:54p   SSE
25  45.5  58.8  12:25a  33.4  11:56p  19.5   0.0  0.05   2.5  20.0   4:00a     W
26  41.6  54.3   5:12p  28.8   3:02a  23.4   0.0  0.00   1.0  13.0   2:16p   WNW
27  45.0  61.4   5:19p  27.9   5:53a  20.0   0.0  0.00   0.7  10.0  12:43p     W
28  30.7  36.8  12:00a  30.2   4:19a  34.3   0.0  0.00   0.0   1.0  12:13a     N
29  30.2  30.2  12:00a  30.2  12:00a  34.8   0.0  0.00   0.0   0.0  12:00a     E
30  53.1  72.2   7:01p  30.2  12:00a  13.3   1.6  0.00   0.9  12.0   2:05p     S
----------------------------------------------------------------------------------
    41.2  74.2    24    18.6     4   718.7   6.2  2.22   2.0  31.0    19     WSW

Max >=  80.0:  0
Max <=  32.0:  2
Min <=  32.0: 22
Min <=   0.0:  0
Max Rain: 0.85 on day 19
Days of Rain: 12 (>= 0.01 in)  5 (>= 0.10 in)  0 (>= 1.00 in)
Heat Base: 65.0  Cool Base: 65.0  Method: Integration