NOAA-Style Climate Reports


Report for 2013 March
                   Monthly Climatological Summary for Mar 2013

Name: Old Pump Road Wx   City: Jericho   State: Vermont
Elevation: 646 ft  Lat: N 44° 30' 34"   Lon: W 072° 59' 42"

                  Temperature (°F), Rain (in), Wind Speed (mph)

                                      Heat  Cool        Avg
    Mean                              Deg   Deg         Wind                 Dom
Day Temp  High   Time   Low    Time   Days  Days  Rain  Speed High   Time    Dir
----------------------------------------------------------------------------------
 1  30.9  33.1  12:44p  29.0  11:59p  34.1   0.0  0.00   2.4  13.0   1:46p    NW
 2  26.9  30.4  12:13p  22.0  10:13p  38.1   0.0  0.00   2.2  12.0   6:28p    NW
 3  24.4  29.7   2:26p  21.5   1:55a  40.2   0.0  0.00   0.8  10.0   2:59p   NNW
 4  23.0  26.9  12:08p  21.9   6:04p  42.0   0.0  0.00   1.6  15.0  10:05a    NW
 5  26.5  34.4   3:08p  19.9  11:57p  38.5   0.0  0.00   0.6   9.0   2:01p    NW
 6  31.7  44.2  12:43p  17.0   5:15a  33.3   0.0  0.18   0.8  13.0  11:43a     E
 7  32.4  36.2  12:16p  29.4  11:34p  32.6   0.0  0.00   1.6  12.0   1:51p   NNW
 8  31.0  37.9   3:55p  24.5  11:59p  34.0   0.0  0.00   2.7  17.0   2:42p    NW
 9  31.9  47.3   3:09p  18.8   6:09a  33.1   0.0  0.00   0.7  12.0   2:20p    NW
10  41.1  57.3   3:45p  23.4   7:26a  22.9   0.0  0.00   1.2  20.0   3:21p   SSE
11  48.7  54.5   4:03p  39.9   8:05a  16.3   0.0  0.00   1.5  21.0  11:19p   SSE
12  46.0  50.3  12:00a  34.9  11:42p  19.0   0.0  1.24   1.8  22.0   1:22a    SE
13  34.1  41.0   3:28p  27.1  10:04p  30.9   0.0  0.02   0.4  10.0   4:00p     W
14  22.6  29.6  12:31a  15.5  11:58p  42.4   0.0  0.00   3.1  20.0   4:05p   WNW
15  22.7  32.9   1:49p   9.8   7:06a  42.3   0.0  0.00   1.1  14.0   7:36p   WSW
16  21.4  26.2  12:00a  14.2  11:59p  43.6   0.0  0.00   1.9  17.0  12:59a   WNW
17  15.8  23.3   4:54p   7.4   5:04a  49.2   0.0  0.00   2.1  17.0   9:54a   WNW
18  20.8  34.2   3:40p   3.2   6:27a  44.2   0.0  0.00   0.4  14.0  11:34p   SSE
19  29.6  32.8   5:14p  26.7   3:03a  35.4   0.0  0.00   2.4  22.0   8:15a    SE
20  27.9  31.8   1:04p  23.6   7:06a  36.9   0.0  0.00   0.8  12.0   9:23a     W
21  27.4  36.6   1:50p  14.9   7:22a  37.6   0.0  0.11   1.0  13.0  10:28a   SSW
22  26.2  35.7  12:22p  17.1   7:20a  38.8   0.0  0.07   1.3  15.0   3:16p   WNW
23  30.7  35.3  12:11p  25.1   1:03a  34.3   0.0  0.00   3.7  25.0   2:25p   WNW
24  31.7  37.8   4:46p  22.3  11:54p  33.3   0.0  0.01   2.1  14.0   9:17a    NW
25  32.9  44.7   1:24p  17.1   6:47a  32.1   0.0  0.00   0.9  12.0   9:56p     N
26  35.3  42.8   5:29p  28.5   9:14p  29.8   0.0  0.00   1.8  14.0   1:50p    NW
27  36.4  45.5   1:08p  27.8   7:06a  28.5   0.0  0.01   1.6  16.0  12:33p    NW
28  37.7  47.7   5:56p  32.4   3:10a  27.3   0.0  0.06   0.5  11.0   2:24p   NNW
29  39.4  45.2   3:52p  33.8   6:44a  25.6   0.0  0.02   1.1  18.0   2:26p   WNW
30  36.4  48.3   4:49p  25.5   6:49a  28.6   0.0  0.00   1.2  15.0   3:11p    NW
31  40.8  55.4   1:26p  22.5   4:57a  24.1   0.0  0.02   1.3  17.0   9:14p   SSE
----------------------------------------------------------------------------------
    31.1  57.3    10     3.2    18  1049.0   0.0  1.74   1.5  25.0    23     WNW

Max >=  80.0:  0
Max <=  32.0:  7
Min <=  32.0: 27
Min <=   0.0:  0
Max Rain: 1.24 on day 12
Days of Rain: 10 (>= 0.01 in)  3 (>= 0.10 in)  1 (>= 1.00 in)
Heat Base: 65.0  Cool Base: 65.0  Method: Integration