NOAA-Style Climate Reports


Report for 2013 February
                   Monthly Climatological Summary for Feb 2013

Name: Old Pump Road Wx   City: Jericho   State: Vermont
Elevation: 646 ft  Lat: N 44° 30' 34"   Lon: W 072° 59' 42"

                  Temperature (°F), Rain (in), Wind Speed (mph)

                                      Heat  Cool        Avg
    Mean                              Deg   Deg         Wind                 Dom
Day Temp  High   Time   Low    Time   Days  Days  Rain  Speed High   Time    Dir
----------------------------------------------------------------------------------
 1  14.0  21.9  12:00a   9.2  11:59p  51.0   0.0  0.00   2.1  17.0  12:07a   NNW
 2  13.7  21.4  12:51p   3.9   4:54a  51.0   0.0  0.00   0.4  13.0  12:08p    SE
 3  14.1  26.4   2:07p   3.0   6:50a  50.9   0.0  0.00   0.3  10.0  11:33a   WNW
 4  14.6  22.0   1:40p   2.4  11:53p  50.4   0.0  0.00   2.1  20.0  11:41a   WNW
 5   8.1  19.8   2:39p  -7.2   7:24a  56.9   0.0  0.00   0.2   6.0   1:13p     E
 6  18.5  25.3  10:17a   4.7  11:58p  46.5   0.0  0.00   2.0  25.0   3:11p   WNW
 7   6.3  13.7   2:10p  -2.4   6:11a  58.7   0.0  0.00   0.3   7.0   4:01a   NNW
 8  19.7  26.0   3:15p   9.2   2:12a  45.3   0.0  0.00   1.0  18.0  11:25a    SE
 9   9.3  19.4  12:00a  -2.7  11:03p  55.7   0.0  0.00   3.3  19.0   3:14p    NW
10   8.4  26.2   1:57p  -8.4   6:39a  56.5   0.0  0.00   0.2   7.0   2:54p     W
11  29.0  40.1   6:43p   6.5  12:04a  35.9   0.0  0.14   1.0  17.0   1:17p   SSE
12  34.3  36.4  10:00a  29.9  11:11p  30.7   0.0  0.00   2.1  16.0   9:36a     W
13  32.1  37.1  12:17p  29.0   9:53p  32.9   0.0  0.00   0.8  12.0  12:14a     W
14  30.0  34.3   3:21p  25.9   7:43p  35.0   0.0  0.00   0.3   7.0  10:15a     W
15  36.5  42.4   2:02p  29.2  12:00a  28.5   0.0  0.00   1.7  16.0  11:47a   SSW
16  23.8  30.6  12:00a  15.9  11:59p  41.2   0.0  0.00   2.0  13.0   2:19p    NW
17  11.0  15.9  12:00a   8.5  10:53a  54.0   0.0  0.00   4.5  23.0   4:29p   WNW
18  12.1  23.4   3:42p   3.3   5:27a  52.8   0.0  0.00   2.4  16.0  12:02a   WNW
19  28.2  45.0   1:20p   8.0  12:15a  36.7   0.0  0.01   0.7  14.0   1:54p    SE
20  25.4  31.3  12:00a  18.8  11:58p  39.6   0.0  0.00   2.1  16.0   8:15p   WNW
21  14.6  19.1   9:43p   8.3   6:44a  50.4   0.0  0.00   1.8  16.0   1:07a   WNW
22  24.6  34.9   2:11p  10.6   6:53a  40.4   0.0  0.00   0.2   6.0  12:54p     W
23  33.3  35.7  10:56a  27.8  12:00a  31.7   0.0  0.04   1.3  13.0  11:11a    SE
24  32.6  35.2  10:24a  30.0   9:43p  32.4   0.0  0.05   0.5  11.0   2:05p   NNW
25  31.6  35.5   3:50p  29.4   9:58p  33.4   0.0  0.03   0.2   6.0  10:10a   NNW
26  35.4  43.8  11:50a  29.0   5:06a  29.6   0.0  0.19   0.6  13.0   8:21p    SE
27  35.5  41.4  10:17a  32.3  11:17p  29.5   0.0  0.14   1.3  22.0   8:54a    SE
28  36.4  44.8  12:36p  31.1   5:12a  28.6   0.0  0.03   0.8   9.0  11:23a   WNW
----------------------------------------------------------------------------------
    22.6  45.0    19    -8.4    10  1186.2   0.0  0.63   1.3  25.0     6     WNW

Max >=  80.0:  0
Max <=  32.0: 15
Min <=  32.0: 27
Min <=   0.0:  4
Max Rain: 0.19 on day 26
Days of Rain: 8 (>= 0.01 in)  3 (>= 0.10 in)  0 (>= 1.00 in)
Heat Base: 65.0  Cool Base: 65.0  Method: Integration