NOAA-Style Climate Reports


Report for 2013 January
                   Monthly Climatological Summary for Jan 2013

Name: Old Pump Road Wx   City: Jericho   State: Vermont
Elevation: 646 ft  Lat: N 44° 30' 34"   Lon: W 072° 59' 42"

                  Temperature (°F), Rain (in), Wind Speed (mph)

                                      Heat  Cool        Avg
    Mean                              Deg   Deg         Wind                 Dom
Day Temp  High   Time   Low    Time   Days  Days  Rain  Speed High   Time    Dir
----------------------------------------------------------------------------------
16  24.8  28.0  11:54p  20.8   9:06p   4.8   0.0  0.00   0.0   4.0  10:07p     N
17  17.9  30.0   8:03a   4.1  11:48p  47.1   0.0  0.00   1.7  29.0   8:15a   NNW
18   6.3  19.4  11:58p  -7.7   7:20a  58.7   0.0  0.00   0.8  19.0   1:38p    NW
19  30.1  39.8  10:36p  19.4  12:00a  34.9   0.0  0.00   0.7  12.0   1:36a   ESE
20  32.2  42.3   6:01a  12.8  11:56p  32.9   0.0  0.03   2.3  18.0  11:36a   WNW
21  10.3  17.5   1:41p   1.9   5:20a  50.7   0.0  0.00   0.4  11.0   1:17a   NNW
22   6.7  13.0  10:55a  -1.4  11:58p  58.3   0.0  0.00   1.1  19.0   6:29p   NNW
23  -7.3  -1.4  12:00a -13.3  11:15p  72.3   0.0  0.00   1.5  14.0   3:45a   NNW
24  -3.3   7.7   1:48p -15.7   6:45a  68.3   0.0  0.00   2.0  22.0   3:19p   NNW
25   3.6   9.9   3:11p  -7.7   7:08a  61.4   0.0  0.00   0.4  12.0  12:01a   NNW
26   6.5  11.2   3:26p  -3.3   7:39a  58.5   0.0  0.00   0.8  14.0   1:16p   NNW
27   7.0  15.1   3:14p   0.6   6:35a  58.0   0.0  0.00   0.8  10.0   8:37a   NNW
28  12.9  21.7   4:46p   0.2   2:34a  52.1   0.0  0.00   0.0   1.0   3:39a   ESE
29  27.3  37.0  11:11p  20.2   1:13a  37.7   0.0  0.01   0.1   6.0  10:50p   ESE
30  47.0  56.6   8:10p  36.7  12:05a  18.0   0.0  0.47   1.4  17.0   2:53p   ESE
31  37.4  54.2  12:14a  21.7  11:41p  27.6   0.0  0.34   2.0  31.0   6:45p   WNW
----------------------------------------------------------------------------------
    16.2  56.6    30   -15.7    24   741.3   0.0  0.85   1.1  31.0    31     NNW

Max >=  80.0:  0
Max <=  32.0: 11
Min <=  32.0: 15
Min <=   0.0:  6
Max Rain: 0.47 on day 30
Days of Rain: 4 (>= 0.01 in)  2 (>= 0.10 in)  0 (>= 1.00 in)
Heat Base: 65.0  Cool Base: 65.0  Method: Integration