NOAA-Style Climate Reports


Report for 2013
                   Annual Climatological Summary for 2013

Name: Old Pump Road Wx   City: Jericho   State: Vermont
Elevation: 646 ft  Lat: N 44° 30' 34"   Lon: W 072° 59' 42"

                  Temperature (°F), Heat Base: 65.0  Cool Base: 65.0
                          Dep.  Heat  Cool                       Max  Max  Min  Min
        Mean  Mean        From  Deg   Deg                        >=   <=   <=   <=
 YR MO  Max   Min   Mean  Norm  Days  Days  Hi  Date  Low  Date 80.0 32.0 32.0   0.0
------------------------------------------------------------------------------------
 13  1  25.1   5.6  16.2  -2.8   741     0  56.6  30 -15.7   24    0   11   15    6
 13  2  30.3  13.8  22.6   0.6  1186     0  45.0  19  -8.4   10    0   15   27    4
 13  3  39.0  22.5  31.1   1.1  1048     0  57.3  10   3.2   18    0    7   27    0
 13  4  51.0  30.4  41.2  -5.8   718     6  74.2  24  18.6    4    0    2   22    0
 13  5  70.4  44.6  57.3   1.3   302    65  90.5  31  27.5   15    6    0    2    0
 13  6  73.8  52.9  62.8  -4.2   154    88  89.2   1  39.7   20    7    0    0    0
 13  7  76.3  57.6  68.4  -2.6    48   214  93.0  19   0.0   10   13    1    2    2
 13  8  76.9  54.3  65.0  -4.0   114   115  85.5  22  42.4   24    9    0    0    0
 13  9  68.4  45.6  56.4  -5.6   301    44  89.3  11  30.0   17    3    0    1    0
 13 10  58.9  37.1  48.0  -1.0   536     8  75.1   2  18.5   29    0    0   10    0
 13 11  41.2  23.3  32.7  -7.3   969     0  65.8   1  -0.9   30    0    6   24    1
 13 12  28.8  12.8  21.6  -5.4  1344     0  53.5   5 -15.3   17    0   15   31    7
------------------------------------------------------------------------------------
        53.3  33.4  43.6  -3.0  7467   542  93.0 Jul -15.7  Jan   38   57  161   20

                                Precipitation (in)

              Dep.   Max        Days of Rain
              From   Obs.           >=
 YR MO Total  Norm   Day Date 0.01 0.10 1.00
---------------------------------------------
 13  1  0.85 -1.85  0.47  30     4    2    0
 13  2  0.63 -1.37  0.19  26     8    3    0
 13  3  1.74 -1.14  1.24  12    10    3    1
 13  4  2.22 -0.85  0.85  19    12    5    0
 13  5 11.73  8.52  6.00  23    16   12    3
 13  6 12.20  8.44  2.48  25    19   16    4
 13  7  5.96  2.03  2.06   4    17   13    1
 13  8  2.86 -1.83  0.59   9    13    9    0
 13  9  4.15 -0.29  1.03  13    12   11    1
 13 10  2.73 -0.82  1.02   7    13    7    1
 13 11  2.38 -1.09  0.92  27    10    7    0
 13 12  0.78 -1.69  0.50   6     8    1    0
---------------------------------------------
       48.23  8.06  6.00  May  142   89   11

                                Wind Speed (mph)
                          Dom
 YR MO   Avg.  Hi   Date  Dir
------------------------------
 13  1   1.1  31.0   31   NNW
 13  2   1.3  25.0    6   WNW
 13  3   1.5  25.0   23   WNW
 13  4   2.0  31.0   19   WSW
 13  5   1.5  29.0   21   WNW
 13  6   0.9  32.0   25   WNW
 13  7   1.0  28.0   19   WNW
 13  8   1.0  20.0   22   WNW
 13  9   0.9  28.0    2   WNW
 13 10   0.7  23.0   28   WSW
 13 11   2.1  30.0    1     W
 13 12   0.7  19.0    9   WNW
------------------------------
         1.2  32.0  Jun   WNW