NOAA-Style Climate Reports


Report for 2019 July
                   Monthly Climatological Summary for Jul 2019

Name: Old Pump Road Wx   City: Jericho   State: Vermont
Elevation: 646 ft  Lat: N 44° 30' 34"   Lon: W 072° 59' 42"

                  Temperature (°F), Rain (in), Wind Speed (mph)

                                      Heat  Cool        Avg
    Mean                              Deg   Deg         Wind                 Dom
Day Temp  High   Time   Low    Time   Days  Days  Rain  Speed High   Time    Dir
----------------------------------------------------------------------------------
 1  67.4  81.9   5:04p  53.3   5:20a   3.3   5.8 44.51   0.7  13.0   3:06p    NW
 2  71.5  83.9   6:06p  60.6   3:24a   1.3   7.7122.46   0.6  12.0  12:23p   WNW
 3  72.4  86.7   6:42p  58.0   5:11a   1.9   9.3110.96   0.6  14.0   2:50p    NW
 4  74.2  92.8   6:27p  56.5   5:26a   2.0  11.2  0.01   0.1   5.0   1:05p    NW
 5  76.1  89.9  12:23p  59.8   4:12a   1.1  12.1  0.00   0.3  10.0   1:48p    SE
 6  75.6  85.9  11:52a  62.1  11:59p   0.0  10.7  0.28   0.5  14.0  12:33p   NNW
 7  63.3  74.5   6:13p  50.3   6:01a   4.8   3.1  0.00   0.8  11.0  12:52p    NW
 8  64.2  80.7   4:18p  45.5   4:45a   6.5   5.7  0.00   0.4   9.0  12:51p    NW
 9  67.8  83.9   5:10p  49.8   5:57a   4.5   7.3  0.00   0.6  11.0   1:34p   WNW
10  72.4  90.8   5:39p  56.8   5:50a   2.3   9.7  0.00   0.2   9.0  12:54p    NW
11  73.0  85.7  11:24a  59.5   5:33a   1.3   9.2  0.24   0.3  14.0   9:08p   SSE
12  68.9  79.2  12:23p  60.6  11:28p   0.3   4.3  0.37   0.4  12.0  12:31p    NW
13  71.5  87.4   5:24p  57.5   5:47a   1.6   8.0  0.57   0.4  13.0   8:41p    NW
14  68.0  75.9   2:38p  58.1  11:58p   1.4   4.4  0.00   1.3  15.0   4:37p   WNW
15  65.8  78.8   5:39p  52.6   5:37a   3.9   4.6  0.00   0.7  12.0   2:43p    NW
----------------------------------------------------------------------------------
    70.1  92.8     4    45.5     8    36.2 113.1279.40   0.5  15.0    14      NW

Max >=  80.0: 11
Max <=  32.0:  0
Min <=  32.0:  0
Min <=   0.0:  0
Max Rain: 122.46 on day 2
Days of Rain: 8 (>= 0.01 in)  7 (>= 0.10 in)  3 (>= 1.00 in)
Heat Base: 65.0  Cool Base: 65.0  Method: Integration