NOAA-Style Climate Reports


Report for 2020 October
                   Monthly Climatological Summary for Oct 2020

Name: Old Pump Road Wx   City: Jericho   State: Vermont
Elevation: 646 ft  Lat: N 44° 30' 34"   Lon: W 072° 59' 42"

                  Temperature (°F), Rain (in), Wind Speed (mph)

                                      Heat  Cool        Avg
    Mean                              Deg   Deg         Wind                 Dom
Day Temp  High   Time   Low    Time   Days  Days  Rain  Speed High   Time    Dir
----------------------------------------------------------------------------------
 1  57.2  64.1   4:25p  44.8  11:53p   7.8   0.0  0.00   1.2  15.0   1:14p   SSW
 2  46.6  53.8   2:51p  41.5  10:39p  18.4   0.0  0.00   0.0  16.0   3:26p     W
 3  48.1  55.5   1:53p  42.4  12:03a  16.9   0.0  0.00   0.4   7.0   1:24p   WNW
 4  45.9  59.1   2:59p  37.1   3:51a  19.1   0.0  0.00   0.3  10.0   1:42p   SSW
 5  50.6  62.9   1:35p  38.1  12:00a  14.4   0.0  0.00   0.2   8.0  10:43a     S
 6  55.3  64.4   2:43p  45.3   8:01a   9.7   0.0  0.00   1.3  18.0   1:08p   SSE
 7  54.4  59.3  10:09a  48.0   6:50p  10.6   0.0  0.00   3.7  23.0   8:50p   WNW
 8  43.6  49.0  12:10a  31.2  11:57p  19.2   0.0  0.00   7.0  25.0   1:10a   WNW
 9  41.1  55.9   3:08p  24.9   5:17a  23.9   0.0  0.00   0.4  10.0   1:38p     S
10  62.1  71.4   3:46p  52.8  11:57p   4.0   1.1  0.00   2.4  21.0   8:28p     S
11  17.9  52.8  12:00a -90.0   3:39a  47.2   0.0  0.00   2.1  14.0   2:10a   NNW
12  43.2  58.1   3:39p  25.8   5:05a  21.7   0.0  0.00   1.1  16.0  10:53a    SE
13  48.9  50.9   4:24p  47.0  12:00a  16.1   0.0  0.00   0.6  14.0   8:26a   SSE
14  50.4  62.3   2:07p  36.9  11:44p  14.6   0.0  0.00   0.9  16.0   4:40p   WNW
15  57.4  76.4   2:17p  37.0  12:00a  10.2   2.7  0.00   1.4  23.0   1:38p   SSE
16  48.1  55.9  12:00a  42.8  11:50p  16.9   0.0  0.00   0.1   7.0  11:44a    NW
17  42.7  52.2   4:29p  31.6  11:58p  22.3   0.0  0.00   0.8  13.0  12:14p   WNW
18  44.7  58.5  12:59p  28.5   5:13a  20.3   0.0  0.00   0.9  16.0   1:12p   SSE
19  53.0  57.5   1:35p  51.0   9:31p  12.0   0.0  0.00   0.9  14.0   3:07a   SSE
20  51.4  56.0  10:23a  45.4  11:51p  13.6   0.0  0.00   0.7  10.0  11:06a    NE
21  54.5  65.8   5:45p  44.0   3:31a  10.5   0.0  0.00   0.9  14.0   1:19p    SW
----------------------------------------------------------------------------------
    48.4  76.4    15   -90.0    11   349.4   3.8  0.00   1.3  25.0     8     WSW

Max >=  80.0:  0
Max <=  32.0:  0
Min <=  32.0:  6
Min <=   0.0:  1
Max Rain: 0.00 on day 0
Days of Rain: 0 (>= 0.01 in)  0 (>= 0.10 in)  0 (>= 1.00 in)
Heat Base: 65.0  Cool Base: 65.0  Method: Integration